{"id":60250,"date":"2019-11-13T17:32:04","date_gmt":"2019-11-13T16:32:04","guid":{"rendered":"https:\/\/www.entrepriseetdecouverte.fr\/espace-pro\/?post_type=partenaire&#038;p=60250"},"modified":"2020-02-28T11:35:15","modified_gmt":"2020-02-28T10:35:15","slug":"provence-alpes-cote-dazur-tourisme","status":"publish","type":"partenaire","link":"https:\/\/www.entrepriseetdecouverte.fr\/espace-pro\/partenaire\/provence-alpes-cote-dazur-tourisme\/","title":{"rendered":"Provence-Alpes-C\u00f4te d&rsquo;Azur"},"content":{"rendered":"\n<div class=\"wp-block-image\"><figure class=\"aligncenter size-large is-resized\"><img loading=\"lazy\" data-src=\"https:\/\/www.entrepriseetdecouverte.fr\/espace-pro\/wp-content\/uploads\/sites\/2\/2019\/09\/logo-region-sud.png\" alt=\"\" class=\"wp-image-60018\" width=\"429\" height=\"342\" data-srcset=\"https:\/\/www.entrepriseetdecouverte.fr\/espace-pro\/wp-content\/uploads\/sites\/2\/2019\/09\/logo-region-sud.png 500w, https:\/\/www.entrepriseetdecouverte.fr\/espace-pro\/wp-content\/uploads\/sites\/2\/2019\/09\/logo-region-sud-200x160.png 200w, https:\/\/www.entrepriseetdecouverte.fr\/espace-pro\/wp-content\/uploads\/sites\/2\/2019\/09\/logo-region-sud-75x60.png 75w\" sizes=\"(max-width: 429px) 100vw, 429px\" \/><\/figure><\/div>\n\n\n\n<p>Une r\u00e9gion et trois grandes destinations touristiques, Provence, Alpes et C\u00f4te d\u2019Azur\u2026 La visite d\u2019entreprises y est bien pr\u00e9sente. Plus de 150 entreprises artisanales, agricoles et industrielles ouvrent leurs portes aux visiteurs : parfumeries et savonneries, distilleries de lavande, domaines ol\u00e9icoles et viticoles, santonniers, confiseurs, mielleries, fa\u00efenceries, etc. Elles proposent de vivre de belles exp\u00e9riences et rencontres et disposent pour la plupart d\u2019une boutique en fin de parcours. 3 entreprises sur 4 sont labellis\u00e9es Qualit\u00e9 Tourisme.<\/p>\n","protected":false},"featured_media":60260,"menu_order":80,"template":"","yoast_head":"<!-- This site is optimized with the Yoast SEO plugin v17.4 - https:\/\/yoast.com\/wordpress\/plugins\/seo\/ -->\n<meta name=\"robots\" content=\"index, follow, max-snippet:-1, max-image-preview:large, max-video-preview:-1\" \/>\n<link rel=\"canonical\" href=\"https:\/\/www.entrepriseetdecouverte.fr\/espace-pro\/partenaire\/provence-alpes-cote-dazur-tourisme\/\" \/>\n<meta property=\"og:locale\" content=\"fr_FR\" \/>\n<meta property=\"og:type\" content=\"article\" \/>\n<meta property=\"og:title\" content=\"Provence-Alpes-C\u00f4te d&#039;Azur - Espace Pro\" \/>\n<meta property=\"og:description\" content=\"Une r\u00e9gion et trois grandes destinations touristiques, Provence, Alpes et C\u00f4te d\u2019Azur\u2026 La visite d\u2019entreprises y est bien pr\u00e9sente. Plus de 150 entreprises artisanales, agricoles et industrielles ouvrent leurs portes aux visiteurs : parfumeries et savonneries, distilleries de lavande, domaines ol\u00e9icoles et viticoles, santonniers, confiseurs, mielleries, fa\u00efenceries, etc. Elles proposent de vivre de belles exp\u00e9riences [&hellip;]\" \/>\n<meta property=\"og:url\" content=\"https:\/\/www.entrepriseetdecouverte.fr\/espace-pro\/partenaire\/provence-alpes-cote-dazur-tourisme\/\" \/>\n<meta property=\"og:site_name\" content=\"Espace Pro\" \/>\n<meta property=\"article:modified_time\" content=\"2020-02-28T10:35:15+00:00\" \/>\n<meta property=\"og:image\" content=\"https:\/\/www.entrepriseetdecouverte.fr\/espace-pro\/wp-content\/uploads\/sites\/2\/2019\/11\/sans-titre-5-1.jpg\" \/>\n\t<meta property=\"og:image:width\" content=\"900\" \/>\n\t<meta property=\"og:image:height\" content=\"900\" \/>\n<meta name=\"twitter:card\" content=\"summary_large_image\" \/>\n<script type=\"application\/ld+json\" class=\"yoast-schema-graph\">{\"@context\":\"https:\/\/schema.org\",\"@graph\":[{\"@type\":\"WebSite\",\"@id\":\"https:\/\/www.entrepriseetdecouverte.fr\/espace-pro\/#website\",\"url\":\"https:\/\/www.entrepriseetdecouverte.fr\/espace-pro\/\",\"name\":\"Espace Pro\",\"description\":\"Un site utilisant Entreprise et D\\u00e9couverte Sites\",\"potentialAction\":[{\"@type\":\"SearchAction\",\"target\":{\"@type\":\"EntryPoint\",\"urlTemplate\":\"https:\/\/www.entrepriseetdecouverte.fr\/espace-pro\/?s={search_term_string}\"},\"query-input\":\"required name=search_term_string\"}],\"inLanguage\":\"fr-FR\"},{\"@type\":\"ImageObject\",\"@id\":\"https:\/\/www.entrepriseetdecouverte.fr\/espace-pro\/partenaire\/provence-alpes-cote-dazur-tourisme\/#primaryimage\",\"inLanguage\":\"fr-FR\",\"url\":\"https:\/\/www.entrepriseetdecouverte.fr\/espace-pro\/wp-content\/uploads\/sites\/2\/2019\/11\/sans-titre-5-1.jpg\",\"contentUrl\":\"https:\/\/www.entrepriseetdecouverte.fr\/espace-pro\/wp-content\/uploads\/sites\/2\/2019\/11\/sans-titre-5-1.jpg\",\"width\":900,\"height\":900,\"caption\":\"PACA tourisme\"},{\"@type\":\"WebPage\",\"@id\":\"https:\/\/www.entrepriseetdecouverte.fr\/espace-pro\/partenaire\/provence-alpes-cote-dazur-tourisme\/#webpage\",\"url\":\"https:\/\/www.entrepriseetdecouverte.fr\/espace-pro\/partenaire\/provence-alpes-cote-dazur-tourisme\/\",\"name\":\"Provence-Alpes-C\\u00f4te d'Azur - Espace Pro\",\"isPartOf\":{\"@id\":\"https:\/\/www.entrepriseetdecouverte.fr\/espace-pro\/#website\"},\"primaryImageOfPage\":{\"@id\":\"https:\/\/www.entrepriseetdecouverte.fr\/espace-pro\/partenaire\/provence-alpes-cote-dazur-tourisme\/#primaryimage\"},\"datePublished\":\"2019-11-13T16:32:04+00:00\",\"dateModified\":\"2020-02-28T10:35:15+00:00\",\"breadcrumb\":{\"@id\":\"https:\/\/www.entrepriseetdecouverte.fr\/espace-pro\/partenaire\/provence-alpes-cote-dazur-tourisme\/#breadcrumb\"},\"inLanguage\":\"fr-FR\",\"potentialAction\":[{\"@type\":\"ReadAction\",\"target\":[\"https:\/\/www.entrepriseetdecouverte.fr\/espace-pro\/partenaire\/provence-alpes-cote-dazur-tourisme\/\"]}]},{\"@type\":\"BreadcrumbList\",\"@id\":\"https:\/\/www.entrepriseetdecouverte.fr\/espace-pro\/partenaire\/provence-alpes-cote-dazur-tourisme\/#breadcrumb\",\"itemListElement\":[{\"@type\":\"ListItem\",\"position\":1,\"name\":\"Accueil\",\"item\":\"https:\/\/www.entrepriseetdecouverte.fr\/espace-pro\/\"},{\"@type\":\"ListItem\",\"position\":2,\"name\":\"Provence-Alpes-C\\u00f4te d&rsquo;Azur\"}]}]}<\/script>\n<!-- \/ Yoast SEO plugin. -->","yoast_head_json":{"robots":{"index":"index","follow":"follow","max-snippet":"max-snippet:-1","max-image-preview":"max-image-preview:large","max-video-preview":"max-video-preview:-1"},"canonical":"https:\/\/www.entrepriseetdecouverte.fr\/espace-pro\/partenaire\/provence-alpes-cote-dazur-tourisme\/","og_locale":"fr_FR","og_type":"article","og_title":"Provence-Alpes-C\u00f4te d'Azur - Espace Pro","og_description":"Une r\u00e9gion et trois grandes destinations touristiques, Provence, Alpes et C\u00f4te d\u2019Azur\u2026 La visite d\u2019entreprises y est bien pr\u00e9sente. Plus de 150 entreprises artisanales, agricoles et industrielles ouvrent leurs portes aux visiteurs : parfumeries et savonneries, distilleries de lavande, domaines ol\u00e9icoles et viticoles, santonniers, confiseurs, mielleries, fa\u00efenceries, etc. Elles proposent de vivre de belles exp\u00e9riences [&hellip;]","og_url":"https:\/\/www.entrepriseetdecouverte.fr\/espace-pro\/partenaire\/provence-alpes-cote-dazur-tourisme\/","og_site_name":"Espace Pro","article_modified_time":"2020-02-28T10:35:15+00:00","og_image":[{"width":900,"height":900,"url":"https:\/\/www.entrepriseetdecouverte.fr\/espace-pro\/wp-content\/uploads\/sites\/2\/2019\/11\/sans-titre-5-1.jpg","type":"image\/jpeg"}],"twitter_card":"summary_large_image","schema":{"@context":"https:\/\/schema.org","@graph":[{"@type":"WebSite","@id":"https:\/\/www.entrepriseetdecouverte.fr\/espace-pro\/#website","url":"https:\/\/www.entrepriseetdecouverte.fr\/espace-pro\/","name":"Espace Pro","description":"Un site utilisant Entreprise et D\u00e9couverte Sites","potentialAction":[{"@type":"SearchAction","target":{"@type":"EntryPoint","urlTemplate":"https:\/\/www.entrepriseetdecouverte.fr\/espace-pro\/?s={search_term_string}"},"query-input":"required name=search_term_string"}],"inLanguage":"fr-FR"},{"@type":"ImageObject","@id":"https:\/\/www.entrepriseetdecouverte.fr\/espace-pro\/partenaire\/provence-alpes-cote-dazur-tourisme\/#primaryimage","inLanguage":"fr-FR","url":"https:\/\/www.entrepriseetdecouverte.fr\/espace-pro\/wp-content\/uploads\/sites\/2\/2019\/11\/sans-titre-5-1.jpg","contentUrl":"https:\/\/www.entrepriseetdecouverte.fr\/espace-pro\/wp-content\/uploads\/sites\/2\/2019\/11\/sans-titre-5-1.jpg","width":900,"height":900,"caption":"PACA tourisme"},{"@type":"WebPage","@id":"https:\/\/www.entrepriseetdecouverte.fr\/espace-pro\/partenaire\/provence-alpes-cote-dazur-tourisme\/#webpage","url":"https:\/\/www.entrepriseetdecouverte.fr\/espace-pro\/partenaire\/provence-alpes-cote-dazur-tourisme\/","name":"Provence-Alpes-C\u00f4te d'Azur - Espace Pro","isPartOf":{"@id":"https:\/\/www.entrepriseetdecouverte.fr\/espace-pro\/#website"},"primaryImageOfPage":{"@id":"https:\/\/www.entrepriseetdecouverte.fr\/espace-pro\/partenaire\/provence-alpes-cote-dazur-tourisme\/#primaryimage"},"datePublished":"2019-11-13T16:32:04+00:00","dateModified":"2020-02-28T10:35:15+00:00","breadcrumb":{"@id":"https:\/\/www.entrepriseetdecouverte.fr\/espace-pro\/partenaire\/provence-alpes-cote-dazur-tourisme\/#breadcrumb"},"inLanguage":"fr-FR","potentialAction":[{"@type":"ReadAction","target":["https:\/\/www.entrepriseetdecouverte.fr\/espace-pro\/partenaire\/provence-alpes-cote-dazur-tourisme\/"]}]},{"@type":"BreadcrumbList","@id":"https:\/\/www.entrepriseetdecouverte.fr\/espace-pro\/partenaire\/provence-alpes-cote-dazur-tourisme\/#breadcrumb","itemListElement":[{"@type":"ListItem","position":1,"name":"Accueil","item":"https:\/\/www.entrepriseetdecouverte.fr\/espace-pro\/"},{"@type":"ListItem","position":2,"name":"Provence-Alpes-C\u00f4te d&rsquo;Azur"}]}]}},"_links":{"self":[{"href":"https:\/\/www.entrepriseetdecouverte.fr\/espace-pro\/wp-json\/wp\/v2\/partenaire\/60250"}],"collection":[{"href":"https:\/\/www.entrepriseetdecouverte.fr\/espace-pro\/wp-json\/wp\/v2\/partenaire"}],"about":[{"href":"https:\/\/www.entrepriseetdecouverte.fr\/espace-pro\/wp-json\/wp\/v2\/types\/partenaire"}],"wp:featuredmedia":[{"embeddable":true,"href":"https:\/\/www.entrepriseetdecouverte.fr\/espace-pro\/wp-json\/wp\/v2\/media\/60260"}],"wp:attachment":[{"href":"https:\/\/www.entrepriseetdecouverte.fr\/espace-pro\/wp-json\/wp\/v2\/media?parent=60250"}],"curies":[{"name":"wp","href":"https:\/\/api.w.org\/{rel}","templated":true}]}}

Provence-Alpes-Côte d&rsquo;Azur

<div class="wp-block-image"><figure class="aligncenter size-large is-resized"><img loading="lazy" data-src="https://www.entrepriseetdecouverte.fr/espace-pro/wp-content/uploads/sites/2/2019/09/logo-region-sud.png" alt="" class="wp-image-60018" width="429" height="342" data-srcset="https://www.entrepriseetdecouverte.fr/espace-pro/wp-content/uploads/sites/2/2019/09/logo-region-sud.png 500w, https://www.entrepriseetdecouverte.fr/espace-pro/wp-content/uploads/sites/2/2019/09/logo-region-sud-200x160.png 200w, https://www.entrepriseetdecouverte.fr/espace-pro/wp-content/uploads/sites/2/2019/09/logo-region-sud-75x60.png 75w" sizes="(max-width: 429px) 100vw, 429px" /></figure></div>



<p>Une région et trois grandes destinations touristiques, Provence, Alpes et Côte d’Azur… La visite d’entreprises y est bien présente. Plus de 150 entreprises artisanales, agricoles et industrielles ouvrent leurs portes aux visiteurs : parfumeries et savonneries, distilleries de lavande, domaines oléicoles et viticoles, santonniers, confiseurs, mielleries, faïenceries, etc. Elles proposent de vivre de belles expériences et rencontres et disposent pour la plupart d’une boutique en fin de parcours. 3 entreprises sur 4 sont labellisées Qualité Tourisme.</p>

<!-- This site is optimized with the Yoast SEO plugin v17.4 - https://yoast.com/wordpress/plugins/seo/ -->
<meta name="robots" content="index, follow, max-snippet:-1, max-image-preview:large, max-video-preview:-1" />
<link rel="canonical" href="https://www.entrepriseetdecouverte.fr/espace-pro/partenaire/provence-alpes-cote-dazur-tourisme/" />
<meta property="og:locale" content="fr_FR" />
<meta property="og:type" content="article" />
<meta property="og:title" content="Provence-Alpes-Côte d&#039;Azur - Espace Pro" />
<meta property="og:description" content="Une région et trois grandes destinations touristiques, Provence, Alpes et Côte d’Azur… La visite d’entreprises y est bien présente. Plus de 150 entreprises artisanales, agricoles et industrielles ouvrent leurs portes aux visiteurs : parfumeries et savonneries, distilleries de lavande, domaines oléicoles et viticoles, santonniers, confiseurs, mielleries, faïenceries, etc. Elles proposent de vivre de belles expériences [&hellip;]" />
<meta property="og:url" content="https://www.entrepriseetdecouverte.fr/espace-pro/partenaire/provence-alpes-cote-dazur-tourisme/" />
<meta property="og:site_name" content="Espace Pro" />
<meta property="article:modified_time" content="2020-02-28T10:35:15+00:00" />
<meta property="og:image" content="https://www.entrepriseetdecouverte.fr/espace-pro/wp-content/uploads/sites/2/2019/11/sans-titre-5-1.jpg" />
	<meta property="og:image:width" content="900" />
	<meta property="og:image:height" content="900" />
<meta name="twitter:card" content="summary_large_image" />
<script type="application/ld+json" class="yoast-schema-graph">{"@context":"https://schema.org","@graph":[{"@type":"WebSite","@id":"https://www.entrepriseetdecouverte.fr/espace-pro/#website","url":"https://www.entrepriseetdecouverte.fr/espace-pro/","name":"Espace Pro","description":"Un site utilisant Entreprise et D\u00e9couverte Sites","potentialAction":[{"@type":"SearchAction","target":{"@type":"EntryPoint","urlTemplate":"https://www.entrepriseetdecouverte.fr/espace-pro/?s={search_term_string}"},"query-input":"required name=search_term_string"}],"inLanguage":"fr-FR"},{"@type":"ImageObject","@id":"https://www.entrepriseetdecouverte.fr/espace-pro/partenaire/provence-alpes-cote-dazur-tourisme/#primaryimage","inLanguage":"fr-FR","url":"https://www.entrepriseetdecouverte.fr/espace-pro/wp-content/uploads/sites/2/2019/11/sans-titre-5-1.jpg","contentUrl":"https://www.entrepriseetdecouverte.fr/espace-pro/wp-content/uploads/sites/2/2019/11/sans-titre-5-1.jpg","width":900,"height":900,"caption":"PACA tourisme"},{"@type":"WebPage","@id":"https://www.entrepriseetdecouverte.fr/espace-pro/partenaire/provence-alpes-cote-dazur-tourisme/#webpage","url":"https://www.entrepriseetdecouverte.fr/espace-pro/partenaire/provence-alpes-cote-dazur-tourisme/","name":"Provence-Alpes-C\u00f4te d'Azur - Espace Pro","isPartOf":{"@id":"https://www.entrepriseetdecouverte.fr/espace-pro/#website"},"primaryImageOfPage":{"@id":"https://www.entrepriseetdecouverte.fr/espace-pro/partenaire/provence-alpes-cote-dazur-tourisme/#primaryimage"},"datePublished":"2019-11-13T16:32:04+00:00","dateModified":"2020-02-28T10:35:15+00:00","breadcrumb":{"@id":"https://www.entrepriseetdecouverte.fr/espace-pro/partenaire/provence-alpes-cote-dazur-tourisme/#breadcrumb"},"inLanguage":"fr-FR","potentialAction":[{"@type":"ReadAction","target":["https://www.entrepriseetdecouverte.fr/espace-pro/partenaire/provence-alpes-cote-dazur-tourisme/"]}]},{"@type":"BreadcrumbList","@id":"https://www.entrepriseetdecouverte.fr/espace-pro/partenaire/provence-alpes-cote-dazur-tourisme/#breadcrumb","itemListElement":[{"@type":"ListItem","position":1,"name":"Accueil","item":"https://www.entrepriseetdecouverte.fr/espace-pro/"},{"@type":"ListItem","position":2,"name":"Provence-Alpes-C\u00f4te d&rsquo;Azur"}]}]}</script>
<!-- / Yoast SEO plugin. -->

Provence-Alpes-Côte d'Azur - Espace Pro

Une région et trois grandes destinations touristiques, Provence, Alpes et Côte d’Azur… La visite d’entreprises y est bien présente. Plus de 150 entreprises artisanales, agricoles et industrielles ouvrent leurs portes aux visiteurs : parfumeries et savonneries, distilleries de lavande, domaines oléicoles et viticoles, santonniers, confiseurs, mielleries, faïenceries, etc. Elles proposent de vivre de belles expériences [&hellip;]

Un site utilisant Entreprise et Découverte Sites
