{"id":9,"date":"2019-09-12T11:39:18","date_gmt":"2019-09-12T09:39:18","guid":{"rendered":"https:\/\/www.entrepriseetdecouverte.fr\/espace-pro\/?page_id=9"},"modified":"2025-03-21T16:49:50","modified_gmt":"2025-03-21T15:49:50","slug":"laccompagnement","status":"publish","type":"page","link":"https:\/\/www.entrepriseetdecouverte.fr\/espace-pro\/laccompagnement\/","title":{"rendered":"L&rsquo;accompagnement"},"content":{"rendered":"\n<p class=\"is-style-intro\"><\/p>\n\n\n\n<p class=\"is-style-normal\">Forts aujourd\u2019hui de nos <a href=\"https:\/\/www.entrepriseetdecouverte.fr\/espace-pro\/lassociation\/nos-antennes-regionales\/\" target=\"_blank\" rel=\"noreferrer noopener\">5 antennes<\/a> et p\u00f4les anim\u00e9s par des d\u00e9l\u00e9gu\u00e9s r\u00e9gionaux dans les territoires, nous sommes <strong>au plus proche des besoins des acteurs<\/strong>. <\/p>\n\n\n\n<p class=\"is-style-normal\">Notre accompagnement porte sur <strong>deux volets <\/strong>:<\/p>\n\n\n\n<ul><li><strong>le Tourisme de savoir-faire<\/strong>, fili\u00e8re du tourisme culturel et durable<\/li><\/ul>\n\n\n\n<ul><li><strong>la Visite d\u2019entreprise<\/strong>, outil au service de l\u2019attractivit\u00e9 des m\u00e9tiers et de l\u2019emploi<\/li><\/ul>\n\n\n\n<p class=\"is-style-normal\"><br>Notre expertise couvre tout le champs des besoins des acteurs&nbsp;: audits de faisabilit\u00e9 et de professionnalisation, formations et conseils, r\u00e9alisations de projet. <strong>Nous avons accompagn\u00e9 plus de 250 acteurs <\/strong>et d\u00e9velopp\u00e9 des m\u00e9thodes pour <strong>aider les entreprises et les territoires \u00e0 construire les projets les plus aboutis.<\/strong><\/p>\n\n\n\n<p class=\"is-style-normal\"><br>Dans ces interventions, nous travaillons \u00e0 optimiser les r\u00e9sultats pour chaque partie&nbsp;: exp\u00e9rience et apprentissage des visiteurs, retour sur investissement, engagement social et environnemental des entreprises, d\u00e9veloppement et qualification des territoires.<br>En tant d\u2019association d\u2019int\u00e9r\u00eat g\u00e9n\u00e9ral, nous assurons un transfert de comp\u00e9tence en direction des acteurs et une accessibilit\u00e9 de chacun \u00e0 la Visite d\u2019entreprise.<\/p>\n\n\n\n<p class=\"is-style-normal\"><\/p>\n\n\n\n<h4>Entreprise et d\u00e9couverte accompagne les entreprises et les territoires<\/h4>\n\n\n\n<ul><li><strong>La formation<\/strong> : collective ou individuelle, elle s&rsquo;adapte \u00e0 vos besoins<\/li><li><strong>L&rsquo;ing\u00e9nierie<\/strong> : audits, \u00e9tudes de faisabilit\u00e9 ou de professionnalisation, r\u00e9alisation de projet<\/li><li><strong>Les rencontres en entreprise<\/strong> : \u00e0 destination des publics scolaires et \/ ou en reconversion professionnelle<\/li><\/ul>\n\n\n\n<p>Entreprise et D\u00e9couverte travaille avec un r\u00e9seau d\u2019experts associ\u00e9s \u00e0 la fili\u00e8re&nbsp;: <a href=\"https:\/\/www.entrepriseetdecouverte.fr\/3-questions-a-bergamotte-hebrard\/\" target=\"_blank\" rel=\"noreferrer noopener\">mus\u00e9ographes<\/a>, sc\u00e9nographes, architectes, graphistes, sp\u00e9cialiste de la s\u00e9curit\u00e9, photographes\u2026<\/p>\n","protected":false},"excerpt":{"rendered":"<p>Entreprise et D\u00e9couverte est la structure fran\u00e7aise sp\u00e9cialis\u00e9e et enti\u00e8rement d\u00e9di\u00e9e \u00e0 la visite d\u2019entreprise. Notre expertise couvre tout le champs des besoins des acteurs : audits de faisabilit\u00e9 et de professionnalisation, formations et conseils, r\u00e9alisations de projet.<\/p>\n","protected":false},"author":1,"featured_media":0,"parent":0,"menu_order":20,"comment_status":"closed","ping_status":"closed","template":"page-templates\/intermediaire.php","meta":{"_relevanssi_hide_post":"","_relevanssi_pin_for_all":"","_relevanssi_pin_keywords":"","_relevanssi_unpin_keywords":"","_relevanssi_related_keywords":"","_relevanssi_related_include_ids":"","_relevanssi_related_exclude_ids":"","_relevanssi_related_no_append":"","_relevanssi_related_not_related":"","_relevanssi_related_posts":"62587,63185,63144,62474,63016,62363","_relevanssi_noindex_reason":""},"yoast_head":"<!-- This site is optimized with the Yoast SEO plugin v17.4 - https:\/\/yoast.com\/wordpress\/plugins\/seo\/ -->\n<meta name=\"description\" content=\"Entreprise et D\u00e9couverte est la structure fran\u00e7aise sp\u00e9cialis\u00e9e et enti\u00e8rement d\u00e9di\u00e9e \u00e0 la visite d\u2019entreprise. Notre expertise couvre tout le champs des besoins des acteurs : audits de faisabilit\u00e9 et de professionnalisation, formations et conseils, r\u00e9alisations de projet.\" \/>\n<meta name=\"robots\" content=\"index, follow, max-snippet:-1, max-image-preview:large, max-video-preview:-1\" \/>\n<link rel=\"canonical\" href=\"https:\/\/www.entrepriseetdecouverte.fr\/espace-pro\/laccompagnement\/\" \/>\n<meta property=\"og:locale\" content=\"fr_FR\" \/>\n<meta property=\"og:type\" content=\"article\" \/>\n<meta property=\"og:title\" content=\"L&#039;accompagnement - Espace Pro Entreprise et D\u00e9couverte\" \/>\n<meta property=\"og:description\" content=\"Entreprise et D\u00e9couverte est la structure fran\u00e7aise sp\u00e9cialis\u00e9e et enti\u00e8rement d\u00e9di\u00e9e \u00e0 la visite d\u2019entreprise. Notre expertise couvre tout le champs des besoins des acteurs : audits de faisabilit\u00e9 et de professionnalisation, formations et conseils, r\u00e9alisations de projet.\" \/>\n<meta property=\"og:url\" content=\"https:\/\/www.entrepriseetdecouverte.fr\/espace-pro\/laccompagnement\/\" \/>\n<meta property=\"og:site_name\" content=\"Espace Pro\" \/>\n<meta property=\"article:modified_time\" content=\"2025-03-21T15:49:50+00:00\" \/>\n<meta name=\"twitter:card\" content=\"summary_large_image\" \/>\n<meta name=\"twitter:label1\" content=\"Dur\u00e9e de lecture estim\u00e9e\" \/>\n\t<meta name=\"twitter:data1\" content=\"1 minute\" \/>\n<script type=\"application\/ld+json\" class=\"yoast-schema-graph\">{\"@context\":\"https:\/\/schema.org\",\"@graph\":[{\"@type\":\"WebSite\",\"@id\":\"https:\/\/www.entrepriseetdecouverte.fr\/espace-pro\/#website\",\"url\":\"https:\/\/www.entrepriseetdecouverte.fr\/espace-pro\/\",\"name\":\"Espace Pro\",\"description\":\"Un site utilisant Entreprise et D\\u00e9couverte Sites\",\"potentialAction\":[{\"@type\":\"SearchAction\",\"target\":{\"@type\":\"EntryPoint\",\"urlTemplate\":\"https:\/\/www.entrepriseetdecouverte.fr\/espace-pro\/?s={search_term_string}\"},\"query-input\":\"required name=search_term_string\"}],\"inLanguage\":\"fr-FR\"},{\"@type\":\"WebPage\",\"@id\":\"https:\/\/www.entrepriseetdecouverte.fr\/espace-pro\/laccompagnement\/#webpage\",\"url\":\"https:\/\/www.entrepriseetdecouverte.fr\/espace-pro\/laccompagnement\/\",\"name\":\"L'accompagnement - Espace Pro Entreprise et D\\u00e9couverte\",\"isPartOf\":{\"@id\":\"https:\/\/www.entrepriseetdecouverte.fr\/espace-pro\/#website\"},\"datePublished\":\"2019-09-12T09:39:18+00:00\",\"dateModified\":\"2025-03-21T15:49:50+00:00\",\"description\":\"Entreprise et D\\u00e9couverte est la structure fran\\u00e7aise sp\\u00e9cialis\\u00e9e et enti\\u00e8rement d\\u00e9di\\u00e9e \\u00e0 la visite d\\u2019entreprise. Notre expertise couvre tout le champs des besoins des acteurs : audits de faisabilit\\u00e9 et de professionnalisation, formations et conseils, r\\u00e9alisations de projet.\",\"breadcrumb\":{\"@id\":\"https:\/\/www.entrepriseetdecouverte.fr\/espace-pro\/laccompagnement\/#breadcrumb\"},\"inLanguage\":\"fr-FR\",\"potentialAction\":[{\"@type\":\"ReadAction\",\"target\":[\"https:\/\/www.entrepriseetdecouverte.fr\/espace-pro\/laccompagnement\/\"]}]},{\"@type\":\"BreadcrumbList\",\"@id\":\"https:\/\/www.entrepriseetdecouverte.fr\/espace-pro\/laccompagnement\/#breadcrumb\",\"itemListElement\":[{\"@type\":\"ListItem\",\"position\":1,\"name\":\"Accueil\",\"item\":\"https:\/\/www.entrepriseetdecouverte.fr\/espace-pro\/\"},{\"@type\":\"ListItem\",\"position\":2,\"name\":\"L&rsquo;accompagnement\"}]}]}<\/script>\n<!-- \/ Yoast SEO plugin. -->","yoast_head_json":{"description":"Entreprise et D\u00e9couverte est la structure fran\u00e7aise sp\u00e9cialis\u00e9e et enti\u00e8rement d\u00e9di\u00e9e \u00e0 la visite d\u2019entreprise. Notre expertise couvre tout le champs des besoins des acteurs : audits de faisabilit\u00e9 et de professionnalisation, formations et conseils, r\u00e9alisations de projet.","robots":{"index":"index","follow":"follow","max-snippet":"max-snippet:-1","max-image-preview":"max-image-preview:large","max-video-preview":"max-video-preview:-1"},"canonical":"https:\/\/www.entrepriseetdecouverte.fr\/espace-pro\/laccompagnement\/","og_locale":"fr_FR","og_type":"article","og_title":"L'accompagnement - Espace Pro Entreprise et D\u00e9couverte","og_description":"Entreprise et D\u00e9couverte est la structure fran\u00e7aise sp\u00e9cialis\u00e9e et enti\u00e8rement d\u00e9di\u00e9e \u00e0 la visite d\u2019entreprise. Notre expertise couvre tout le champs des besoins des acteurs : audits de faisabilit\u00e9 et de professionnalisation, formations et conseils, r\u00e9alisations de projet.","og_url":"https:\/\/www.entrepriseetdecouverte.fr\/espace-pro\/laccompagnement\/","og_site_name":"Espace Pro","article_modified_time":"2025-03-21T15:49:50+00:00","twitter_card":"summary_large_image","twitter_misc":{"Dur\u00e9e de lecture estim\u00e9e":"1 minute"},"schema":{"@context":"https:\/\/schema.org","@graph":[{"@type":"WebSite","@id":"https:\/\/www.entrepriseetdecouverte.fr\/espace-pro\/#website","url":"https:\/\/www.entrepriseetdecouverte.fr\/espace-pro\/","name":"Espace Pro","description":"Un site utilisant Entreprise et D\u00e9couverte Sites","potentialAction":[{"@type":"SearchAction","target":{"@type":"EntryPoint","urlTemplate":"https:\/\/www.entrepriseetdecouverte.fr\/espace-pro\/?s={search_term_string}"},"query-input":"required name=search_term_string"}],"inLanguage":"fr-FR"},{"@type":"WebPage","@id":"https:\/\/www.entrepriseetdecouverte.fr\/espace-pro\/laccompagnement\/#webpage","url":"https:\/\/www.entrepriseetdecouverte.fr\/espace-pro\/laccompagnement\/","name":"L'accompagnement - Espace Pro Entreprise et D\u00e9couverte","isPartOf":{"@id":"https:\/\/www.entrepriseetdecouverte.fr\/espace-pro\/#website"},"datePublished":"2019-09-12T09:39:18+00:00","dateModified":"2025-03-21T15:49:50+00:00","description":"Entreprise et D\u00e9couverte est la structure fran\u00e7aise sp\u00e9cialis\u00e9e et enti\u00e8rement d\u00e9di\u00e9e \u00e0 la visite d\u2019entreprise. Notre expertise couvre tout le champs des besoins des acteurs : audits de faisabilit\u00e9 et de professionnalisation, formations et conseils, r\u00e9alisations de projet.","breadcrumb":{"@id":"https:\/\/www.entrepriseetdecouverte.fr\/espace-pro\/laccompagnement\/#breadcrumb"},"inLanguage":"fr-FR","potentialAction":[{"@type":"ReadAction","target":["https:\/\/www.entrepriseetdecouverte.fr\/espace-pro\/laccompagnement\/"]}]},{"@type":"BreadcrumbList","@id":"https:\/\/www.entrepriseetdecouverte.fr\/espace-pro\/laccompagnement\/#breadcrumb","itemListElement":[{"@type":"ListItem","position":1,"name":"Accueil","item":"https:\/\/www.entrepriseetdecouverte.fr\/espace-pro\/"},{"@type":"ListItem","position":2,"name":"L&rsquo;accompagnement"}]}]}},"_links":{"self":[{"href":"https:\/\/www.entrepriseetdecouverte.fr\/espace-pro\/wp-json\/wp\/v2\/pages\/9"}],"collection":[{"href":"https:\/\/www.entrepriseetdecouverte.fr\/espace-pro\/wp-json\/wp\/v2\/pages"}],"about":[{"href":"https:\/\/www.entrepriseetdecouverte.fr\/espace-pro\/wp-json\/wp\/v2\/types\/page"}],"author":[{"embeddable":true,"href":"https:\/\/www.entrepriseetdecouverte.fr\/espace-pro\/wp-json\/wp\/v2\/users\/1"}],"replies":[{"embeddable":true,"href":"https:\/\/www.entrepriseetdecouverte.fr\/espace-pro\/wp-json\/wp\/v2\/comments?post=9"}],"version-history":[{"count":28,"href":"https:\/\/www.entrepriseetdecouverte.fr\/espace-pro\/wp-json\/wp\/v2\/pages\/9\/revisions"}],"predecessor-version":[{"id":70889,"href":"https:\/\/www.entrepriseetdecouverte.fr\/espace-pro\/wp-json\/wp\/v2\/pages\/9\/revisions\/70889"}],"wp:attachment":[{"href":"https:\/\/www.entrepriseetdecouverte.fr\/espace-pro\/wp-json\/wp\/v2\/media?parent=9"}],"curies":[{"name":"wp","href":"https:\/\/api.w.org\/{rel}","templated":true}]}}