{"id":69207,"date":"2024-07-23T11:27:39","date_gmt":"2024-07-23T09:27:39","guid":{"rendered":"https:\/\/www.entrepriseetdecouverte.fr\/espace-pro\/?page_id=69207"},"modified":"2025-09-26T14:57:19","modified_gmt":"2025-09-26T12:57:19","slug":"nouvelle-aquitaine","status":"publish","type":"page","link":"https:\/\/www.entrepriseetdecouverte.fr\/espace-pro\/lassociation\/nos-antennes-regionales\/nouvelle-aquitaine\/","title":{"rendered":"Antenne Sud Ouest"},"content":{"rendered":"\n<p class=\"is-style-normal\"><\/p>\n\n\n\n<p class=\"is-style-normal\">Entreprises, institutionnels du tourisme, f\u00e9d\u00e9rations et associations, ce sont pr\u00e8s de 50 adh\u00e9rents et partenaires qui constituent aujourd\u2019hui le r\u00e9seau Entreprise et D\u00e9couverte dans le Sud-Ouest. <\/p>\n\n\n\n<p class=\"is-style-blockquote\" style=\"font-size:15px\"><em>La visite d\u2019entreprise dans le Sud-Ouest est en constante \u00e9volution. Les chiffres recueillis lors de nos observatoires r\u00e9gionaux en 2025 t\u00e9moignent d\u2019une nette progression d\u2019entreprises ouvertes au public et du nombre de visiteurs.<\/em><\/p>\n\n\n\n<div class=\"wp-block-columns\">\n<div class=\"wp-block-column\">\n<figure class=\"wp-block-image size-large is-style-default\"><img loading=\"lazy\" width=\"675\" height=\"1200\" data-src=\"https:\/\/www.entrepriseetdecouverte.fr\/espace-pro\/wp-content\/uploads\/sites\/2\/2025\/08\/5-675x1200.png\" alt=\"\" class=\"wp-image-72080\" data-srcset=\"https:\/\/www.entrepriseetdecouverte.fr\/espace-pro\/wp-content\/uploads\/sites\/2\/2025\/08\/5-675x1200.png 675w, https:\/\/www.entrepriseetdecouverte.fr\/espace-pro\/wp-content\/uploads\/sites\/2\/2025\/08\/5-338x600.png 338w, https:\/\/www.entrepriseetdecouverte.fr\/espace-pro\/wp-content\/uploads\/sites\/2\/2025\/08\/5-506x900.png 506w, https:\/\/www.entrepriseetdecouverte.fr\/espace-pro\/wp-content\/uploads\/sites\/2\/2025\/08\/5-864x1536.png 864w, https:\/\/www.entrepriseetdecouverte.fr\/espace-pro\/wp-content\/uploads\/sites\/2\/2025\/08\/5-200x356.png 200w, https:\/\/www.entrepriseetdecouverte.fr\/espace-pro\/wp-content\/uploads\/sites\/2\/2025\/08\/5-34x60.png 34w, https:\/\/www.entrepriseetdecouverte.fr\/espace-pro\/wp-content\/uploads\/sites\/2\/2025\/08\/5.png 1080w\" sizes=\"(max-width: 675px) 100vw, 675px\" \/><\/figure>\n<\/div>\n\n\n\n<div class=\"wp-block-column\">\n<figure class=\"wp-block-image size-large is-style-default\"><img loading=\"lazy\" width=\"675\" height=\"1200\" data-src=\"https:\/\/www.entrepriseetdecouverte.fr\/espace-pro\/wp-content\/uploads\/sites\/2\/2025\/08\/6-675x1200.png\" alt=\"\" class=\"wp-image-72081\" data-srcset=\"https:\/\/www.entrepriseetdecouverte.fr\/espace-pro\/wp-content\/uploads\/sites\/2\/2025\/08\/6-675x1200.png 675w, https:\/\/www.entrepriseetdecouverte.fr\/espace-pro\/wp-content\/uploads\/sites\/2\/2025\/08\/6-338x600.png 338w, https:\/\/www.entrepriseetdecouverte.fr\/espace-pro\/wp-content\/uploads\/sites\/2\/2025\/08\/6-506x900.png 506w, https:\/\/www.entrepriseetdecouverte.fr\/espace-pro\/wp-content\/uploads\/sites\/2\/2025\/08\/6-864x1536.png 864w, https:\/\/www.entrepriseetdecouverte.fr\/espace-pro\/wp-content\/uploads\/sites\/2\/2025\/08\/6-200x356.png 200w, https:\/\/www.entrepriseetdecouverte.fr\/espace-pro\/wp-content\/uploads\/sites\/2\/2025\/08\/6-34x60.png 34w, https:\/\/www.entrepriseetdecouverte.fr\/espace-pro\/wp-content\/uploads\/sites\/2\/2025\/08\/6.png 1080w\" sizes=\"(max-width: 675px) 100vw, 675px\" \/><\/figure>\n<\/div>\n<\/div>\n\n\n\n<p class=\"has-text-align-center is-style-normal\">&gt; Retrouvez toutes les informations de la fili\u00e8re dans nos <a href=\"https:\/\/www.entrepriseetdecouverte.fr\/espace-pro\/lassociation\/lobservatoire\/les-observatoires-regionaux\/\">derniers observatoires<\/a> r\u00e9gionaux.<\/p>\n\n\n\n<p class=\"is-style-normal\"><\/p>\n\n\n\n<h4><strong>Ils ont choisi l\u2019expertise d\u2019Entreprise et D\u00e9couverte :<\/strong><\/h4>\n\n\n\n<figure class=\"wp-block-image size-large\"><img loading=\"lazy\" width=\"1200\" height=\"675\" data-src=\"https:\/\/www.entrepriseetdecouverte.fr\/espace-pro\/wp-content\/uploads\/sites\/2\/2025\/09\/design-sans-titre-1200x675.png\" alt=\"\" class=\"wp-image-72125\" data-srcset=\"https:\/\/www.entrepriseetdecouverte.fr\/espace-pro\/wp-content\/uploads\/sites\/2\/2025\/09\/design-sans-titre-1200x675.png 1200w, https:\/\/www.entrepriseetdecouverte.fr\/espace-pro\/wp-content\/uploads\/sites\/2\/2025\/09\/design-sans-titre-600x338.png 600w, https:\/\/www.entrepriseetdecouverte.fr\/espace-pro\/wp-content\/uploads\/sites\/2\/2025\/09\/design-sans-titre-900x506.png 900w, https:\/\/www.entrepriseetdecouverte.fr\/espace-pro\/wp-content\/uploads\/sites\/2\/2025\/09\/design-sans-titre-1536x864.png 1536w, https:\/\/www.entrepriseetdecouverte.fr\/espace-pro\/wp-content\/uploads\/sites\/2\/2025\/09\/design-sans-titre-200x113.png 200w, https:\/\/www.entrepriseetdecouverte.fr\/espace-pro\/wp-content\/uploads\/sites\/2\/2025\/09\/design-sans-titre-1600x900.png 1600w, https:\/\/www.entrepriseetdecouverte.fr\/espace-pro\/wp-content\/uploads\/sites\/2\/2025\/09\/design-sans-titre-107x60.png 107w, https:\/\/www.entrepriseetdecouverte.fr\/espace-pro\/wp-content\/uploads\/sites\/2\/2025\/09\/design-sans-titre.png 1920w\" sizes=\"(max-width: 1200px) 100vw, 1200px\" \/><\/figure>\n\n\n\n<h4>L\u2019antenne Sud-Ouest vous accompagne dans la mise en \u0153uvre de votre projet de visite<\/h4>\n\n\n\n<p>Aux c\u00f4t\u00e9s des entreprises : nous \u00e9tudions le volet strat\u00e9gique, organisationnel et \u00e9conomique pour vous donner toutes les cl\u00e9s de la mise en place de l\u2019offre de visite. Dans un second temps, nous restons \u00e0 vos c\u00f4t\u00e9s pour la conception et la r\u00e9alisation du parcours de visite en association avec des prestataires (sc\u00e9nographes, mus\u00e9ographes etc\u2026) si n\u00e9cessaire. Nous pouvons \u00e9galement travailler \u00e0 vos c\u00f4t\u00e9s sur le volet op\u00e9rationnel des visites (promotion, pilotage de projet\u2026) pour vous accompagner dans le lancement de cette nouvelle activit\u00e9.<\/p>\n\n\n\n<p>Aux c\u00f4t\u00e9s des territoires et des f\u00e9d\u00e9rations professionnelles : nous collaborons de fa\u00e7on tr\u00e8s r\u00e9guli\u00e8re pour faire de la visite un outil au service du d\u00e9veloppement \u00e9conomique (attractivit\u00e9 des m\u00e9tiers et des entreprises), culturel et touristique.<\/p>\n\n\n\n<p>Notre accompagnement peut emprunter plusieurs formes : r\u00e9flexion pour l\u2019int\u00e9gration de la fili\u00e8re dans la strat\u00e9gie globale, cr\u00e9ation d\u2019\u00e9v\u00e9nement, formation sur la fili\u00e8re et ses modes de d\u00e9veloppement\u2026 Mais surtout, chaque demande est unique et nous adaptons notre r\u00e9ponse pour qu\u2019elle soit sur-mesure.<\/p>\n\n\n\n<p class=\"is-style-normal\">Entreprise et D\u00e9couverte met \u00e0 votre service ses 25 ans d\u2019expertise pour vous permettre de mener \u00e0 bien vos projets de visite.<br><br>N\u2019h\u00e9sitez pas \u00e0 nous contacter pour en savoir plus !<\/p>\n\n\n\n<p class=\"is-style-normal\"><\/p>\n\n\n\n<h4>Votre interlocutrice <\/h4>\n\n\n\n<div class=\"wp-block-columns are-vertically-aligned-center\">\n<div class=\"wp-block-column is-vertically-aligned-center\" style=\"flex-basis:33.33%\">\n<figure class=\"wp-block-image size-full is-style-rounded\"><img loading=\"lazy\" width=\"1000\" height=\"1033\" data-src=\"https:\/\/www.entrepriseetdecouverte.fr\/espace-pro\/wp-content\/uploads\/sites\/2\/2023\/04\/photo-pauline.2.jpg\" alt=\"\" class=\"wp-image-63730\" data-srcset=\"https:\/\/www.entrepriseetdecouverte.fr\/espace-pro\/wp-content\/uploads\/sites\/2\/2023\/04\/photo-pauline.2.jpg 1000w, https:\/\/www.entrepriseetdecouverte.fr\/espace-pro\/wp-content\/uploads\/sites\/2\/2023\/04\/photo-pauline.2-581x600.jpg 581w, https:\/\/www.entrepriseetdecouverte.fr\/espace-pro\/wp-content\/uploads\/sites\/2\/2023\/04\/photo-pauline.2-871x900.jpg 871w, https:\/\/www.entrepriseetdecouverte.fr\/espace-pro\/wp-content\/uploads\/sites\/2\/2023\/04\/photo-pauline.2-24x24.jpg 24w, https:\/\/www.entrepriseetdecouverte.fr\/espace-pro\/wp-content\/uploads\/sites\/2\/2023\/04\/photo-pauline.2-200x207.jpg 200w, https:\/\/www.entrepriseetdecouverte.fr\/espace-pro\/wp-content\/uploads\/sites\/2\/2023\/04\/photo-pauline.2-58x60.jpg 58w\" sizes=\"(max-width: 1000px) 100vw, 1000px\" \/><\/figure>\n<\/div>\n\n\n\n<div class=\"wp-block-column is-vertically-aligned-center\" style=\"flex-basis:66.66%\">\n<p class=\"is-style-normal\"><strong>Pauline AUBELEAU<\/strong><\/p>\n\n\n\n<p class=\"is-style-normal\"><a href=\"mailto:pauline.aubeleau@entrepriseetdecouverte.fr\" target=\"_blank\" rel=\"noreferrer noopener\">pauline.aubeleau@entrepriseetdecouverte.fr<\/a><\/p>\n<\/div>\n<\/div>\n\n\n\n<p class=\"is-style-normal\"><\/p>\n","protected":false},"excerpt":{"rendered":"<p>Cr\u00e9\u00e9e en 2021, l\u2019antenne Sud-Ouest est bas\u00e9e \u00e0 Bordeaux. Elle a pour mission de d\u00e9velopper, f\u00e9d\u00e9rer, animer et promouvoir la fili\u00e8re et ses acteurs sur 2 r\u00e9gions : la Nouvelle-Aquitaine et l\u2019Occitanie.<\/p>\n","protected":false},"author":1160,"featured_media":61971,"parent":62877,"menu_order":0,"comment_status":"closed","ping_status":"closed","template":"","meta":{"_relevanssi_hide_post":"","_relevanssi_pin_for_all":"","_relevanssi_pin_keywords":"","_relevanssi_unpin_keywords":"","_relevanssi_related_keywords":"","_relevanssi_related_include_ids":"","_relevanssi_related_exclude_ids":"","_relevanssi_related_no_append":"","_relevanssi_related_not_related":"","_relevanssi_related_posts":"61583,63782,61450,68158,68808,62251","_relevanssi_noindex_reason":""},"yoast_head":"<!-- This site is optimized with the Yoast SEO plugin v17.4 - https:\/\/yoast.com\/wordpress\/plugins\/seo\/ -->\n<meta name=\"description\" content=\"Cr\u00e9\u00e9e en 2021, l\u2019antenne Sud-Ouest est bas\u00e9e \u00e0 Bordeaux. Elle a pour mission de d\u00e9velopper, f\u00e9d\u00e9rer, animer et promouvoir la fili\u00e8re et ses acteurs sur 2 r\u00e9gions : la Nouvelle-Aquitaine et l\u2019Occitanie.\" \/>\n<meta name=\"robots\" content=\"index, follow, max-snippet:-1, max-image-preview:large, max-video-preview:-1\" \/>\n<link rel=\"canonical\" href=\"https:\/\/www.entrepriseetdecouverte.fr\/espace-pro\/lassociation\/nos-antennes-regionales\/nouvelle-aquitaine\/\" \/>\n<meta property=\"og:locale\" content=\"fr_FR\" \/>\n<meta property=\"og:type\" content=\"article\" \/>\n<meta property=\"og:title\" content=\"Nouvelle-Aquitaine - Entreprise et D\u00e9couverte\" \/>\n<meta property=\"og:description\" content=\"Cr\u00e9\u00e9e en 2021, l\u2019antenne Sud-Ouest est bas\u00e9e \u00e0 Bordeaux. Elle a pour mission de d\u00e9velopper, f\u00e9d\u00e9rer, animer et promouvoir la fili\u00e8re et ses acteurs sur 2 r\u00e9gions : la Nouvelle-Aquitaine et l\u2019Occitanie.\" \/>\n<meta property=\"og:url\" content=\"https:\/\/www.entrepriseetdecouverte.fr\/espace-pro\/lassociation\/nos-antennes-regionales\/nouvelle-aquitaine\/\" \/>\n<meta property=\"og:site_name\" content=\"Espace Pro\" \/>\n<meta property=\"article:modified_time\" content=\"2025-09-26T12:57:19+00:00\" \/>\n<meta property=\"og:image\" content=\"https:\/\/www.entrepriseetdecouverte.fr\/espace-pro\/wp-content\/uploads\/sites\/2\/2021\/04\/remy-martin_entreprise-et-decouverte.jpg\" \/>\n\t<meta property=\"og:image:width\" content=\"2048\" \/>\n\t<meta property=\"og:image:height\" content=\"1365\" \/>\n<meta name=\"twitter:card\" content=\"summary_large_image\" \/>\n<meta name=\"twitter:label1\" content=\"Dur\u00e9e de lecture estim\u00e9e\" \/>\n\t<meta name=\"twitter:data1\" content=\"3 minutes\" \/>\n<script type=\"application\/ld+json\" class=\"yoast-schema-graph\">{\"@context\":\"https:\/\/schema.org\",\"@graph\":[{\"@type\":\"WebSite\",\"@id\":\"https:\/\/www.entrepriseetdecouverte.fr\/espace-pro\/#website\",\"url\":\"https:\/\/www.entrepriseetdecouverte.fr\/espace-pro\/\",\"name\":\"Espace Pro\",\"description\":\"Un site utilisant Entreprise et D\\u00e9couverte Sites\",\"potentialAction\":[{\"@type\":\"SearchAction\",\"target\":{\"@type\":\"EntryPoint\",\"urlTemplate\":\"https:\/\/www.entrepriseetdecouverte.fr\/espace-pro\/?s={search_term_string}\"},\"query-input\":\"required name=search_term_string\"}],\"inLanguage\":\"fr-FR\"},{\"@type\":\"ImageObject\",\"@id\":\"https:\/\/www.entrepriseetdecouverte.fr\/espace-pro\/lassociation\/nos-antennes-regionales\/nouvelle-aquitaine\/#primaryimage\",\"inLanguage\":\"fr-FR\",\"url\":\"https:\/\/www.entrepriseetdecouverte.fr\/espace-pro\/wp-content\/uploads\/sites\/2\/2021\/04\/remy-martin_entreprise-et-decouverte.jpg\",\"contentUrl\":\"https:\/\/www.entrepriseetdecouverte.fr\/espace-pro\/wp-content\/uploads\/sites\/2\/2021\/04\/remy-martin_entreprise-et-decouverte.jpg\",\"width\":2048,\"height\":1365},{\"@type\":\"WebPage\",\"@id\":\"https:\/\/www.entrepriseetdecouverte.fr\/espace-pro\/lassociation\/nos-antennes-regionales\/nouvelle-aquitaine\/#webpage\",\"url\":\"https:\/\/www.entrepriseetdecouverte.fr\/espace-pro\/lassociation\/nos-antennes-regionales\/nouvelle-aquitaine\/\",\"name\":\"Nouvelle-Aquitaine - Entreprise et D\\u00e9couverte\",\"isPartOf\":{\"@id\":\"https:\/\/www.entrepriseetdecouverte.fr\/espace-pro\/#website\"},\"primaryImageOfPage\":{\"@id\":\"https:\/\/www.entrepriseetdecouverte.fr\/espace-pro\/lassociation\/nos-antennes-regionales\/nouvelle-aquitaine\/#primaryimage\"},\"datePublished\":\"2024-07-23T09:27:39+00:00\",\"dateModified\":\"2025-09-26T12:57:19+00:00\",\"description\":\"Cr\\u00e9\\u00e9e en 2021, l\\u2019antenne Sud-Ouest est bas\\u00e9e \\u00e0 Bordeaux. Elle a pour mission de d\\u00e9velopper, f\\u00e9d\\u00e9rer, animer et promouvoir la fili\\u00e8re et ses acteurs sur 2 r\\u00e9gions : la Nouvelle-Aquitaine et l\\u2019Occitanie.\",\"breadcrumb\":{\"@id\":\"https:\/\/www.entrepriseetdecouverte.fr\/espace-pro\/lassociation\/nos-antennes-regionales\/nouvelle-aquitaine\/#breadcrumb\"},\"inLanguage\":\"fr-FR\",\"potentialAction\":[{\"@type\":\"ReadAction\",\"target\":[\"https:\/\/www.entrepriseetdecouverte.fr\/espace-pro\/lassociation\/nos-antennes-regionales\/nouvelle-aquitaine\/\"]}]},{\"@type\":\"BreadcrumbList\",\"@id\":\"https:\/\/www.entrepriseetdecouverte.fr\/espace-pro\/lassociation\/nos-antennes-regionales\/nouvelle-aquitaine\/#breadcrumb\",\"itemListElement\":[{\"@type\":\"ListItem\",\"position\":1,\"name\":\"Accueil\",\"item\":\"https:\/\/www.entrepriseetdecouverte.fr\/espace-pro\/\"},{\"@type\":\"ListItem\",\"position\":2,\"name\":\"L&rsquo;association\",\"item\":\"https:\/\/www.entrepriseetdecouverte.fr\/espace-pro\/lassociation\/\"},{\"@type\":\"ListItem\",\"position\":3,\"name\":\"Nos antennes r\\u00e9gionales\",\"item\":\"https:\/\/www.entrepriseetdecouverte.fr\/espace-pro\/lassociation\/nos-antennes-regionales\/\"},{\"@type\":\"ListItem\",\"position\":4,\"name\":\"Antenne Sud Ouest\"}]}]}<\/script>\n<!-- \/ Yoast SEO plugin. -->","yoast_head_json":{"description":"Cr\u00e9\u00e9e en 2021, l\u2019antenne Sud-Ouest est bas\u00e9e \u00e0 Bordeaux. Elle a pour mission de d\u00e9velopper, f\u00e9d\u00e9rer, animer et promouvoir la fili\u00e8re et ses acteurs sur 2 r\u00e9gions : la Nouvelle-Aquitaine et l\u2019Occitanie.","robots":{"index":"index","follow":"follow","max-snippet":"max-snippet:-1","max-image-preview":"max-image-preview:large","max-video-preview":"max-video-preview:-1"},"canonical":"https:\/\/www.entrepriseetdecouverte.fr\/espace-pro\/lassociation\/nos-antennes-regionales\/nouvelle-aquitaine\/","og_locale":"fr_FR","og_type":"article","og_title":"Nouvelle-Aquitaine - Entreprise et D\u00e9couverte","og_description":"Cr\u00e9\u00e9e en 2021, l\u2019antenne Sud-Ouest est bas\u00e9e \u00e0 Bordeaux. Elle a pour mission de d\u00e9velopper, f\u00e9d\u00e9rer, animer et promouvoir la fili\u00e8re et ses acteurs sur 2 r\u00e9gions : la Nouvelle-Aquitaine et l\u2019Occitanie.","og_url":"https:\/\/www.entrepriseetdecouverte.fr\/espace-pro\/lassociation\/nos-antennes-regionales\/nouvelle-aquitaine\/","og_site_name":"Espace Pro","article_modified_time":"2025-09-26T12:57:19+00:00","og_image":[{"width":2048,"height":1365,"url":"https:\/\/www.entrepriseetdecouverte.fr\/espace-pro\/wp-content\/uploads\/sites\/2\/2021\/04\/remy-martin_entreprise-et-decouverte.jpg","type":"image\/jpeg"}],"twitter_card":"summary_large_image","twitter_misc":{"Dur\u00e9e de lecture estim\u00e9e":"3 minutes"},"schema":{"@context":"https:\/\/schema.org","@graph":[{"@type":"WebSite","@id":"https:\/\/www.entrepriseetdecouverte.fr\/espace-pro\/#website","url":"https:\/\/www.entrepriseetdecouverte.fr\/espace-pro\/","name":"Espace Pro","description":"Un site utilisant Entreprise et D\u00e9couverte Sites","potentialAction":[{"@type":"SearchAction","target":{"@type":"EntryPoint","urlTemplate":"https:\/\/www.entrepriseetdecouverte.fr\/espace-pro\/?s={search_term_string}"},"query-input":"required name=search_term_string"}],"inLanguage":"fr-FR"},{"@type":"ImageObject","@id":"https:\/\/www.entrepriseetdecouverte.fr\/espace-pro\/lassociation\/nos-antennes-regionales\/nouvelle-aquitaine\/#primaryimage","inLanguage":"fr-FR","url":"https:\/\/www.entrepriseetdecouverte.fr\/espace-pro\/wp-content\/uploads\/sites\/2\/2021\/04\/remy-martin_entreprise-et-decouverte.jpg","contentUrl":"https:\/\/www.entrepriseetdecouverte.fr\/espace-pro\/wp-content\/uploads\/sites\/2\/2021\/04\/remy-martin_entreprise-et-decouverte.jpg","width":2048,"height":1365},{"@type":"WebPage","@id":"https:\/\/www.entrepriseetdecouverte.fr\/espace-pro\/lassociation\/nos-antennes-regionales\/nouvelle-aquitaine\/#webpage","url":"https:\/\/www.entrepriseetdecouverte.fr\/espace-pro\/lassociation\/nos-antennes-regionales\/nouvelle-aquitaine\/","name":"Nouvelle-Aquitaine - Entreprise et D\u00e9couverte","isPartOf":{"@id":"https:\/\/www.entrepriseetdecouverte.fr\/espace-pro\/#website"},"primaryImageOfPage":{"@id":"https:\/\/www.entrepriseetdecouverte.fr\/espace-pro\/lassociation\/nos-antennes-regionales\/nouvelle-aquitaine\/#primaryimage"},"datePublished":"2024-07-23T09:27:39+00:00","dateModified":"2025-09-26T12:57:19+00:00","description":"Cr\u00e9\u00e9e en 2021, l\u2019antenne Sud-Ouest est bas\u00e9e \u00e0 Bordeaux. Elle a pour mission de d\u00e9velopper, f\u00e9d\u00e9rer, animer et promouvoir la fili\u00e8re et ses acteurs sur 2 r\u00e9gions : la Nouvelle-Aquitaine et l\u2019Occitanie.","breadcrumb":{"@id":"https:\/\/www.entrepriseetdecouverte.fr\/espace-pro\/lassociation\/nos-antennes-regionales\/nouvelle-aquitaine\/#breadcrumb"},"inLanguage":"fr-FR","potentialAction":[{"@type":"ReadAction","target":["https:\/\/www.entrepriseetdecouverte.fr\/espace-pro\/lassociation\/nos-antennes-regionales\/nouvelle-aquitaine\/"]}]},{"@type":"BreadcrumbList","@id":"https:\/\/www.entrepriseetdecouverte.fr\/espace-pro\/lassociation\/nos-antennes-regionales\/nouvelle-aquitaine\/#breadcrumb","itemListElement":[{"@type":"ListItem","position":1,"name":"Accueil","item":"https:\/\/www.entrepriseetdecouverte.fr\/espace-pro\/"},{"@type":"ListItem","position":2,"name":"L&rsquo;association","item":"https:\/\/www.entrepriseetdecouverte.fr\/espace-pro\/lassociation\/"},{"@type":"ListItem","position":3,"name":"Nos antennes r\u00e9gionales","item":"https:\/\/www.entrepriseetdecouverte.fr\/espace-pro\/lassociation\/nos-antennes-regionales\/"},{"@type":"ListItem","position":4,"name":"Antenne Sud Ouest"}]}]}},"_links":{"self":[{"href":"https:\/\/www.entrepriseetdecouverte.fr\/espace-pro\/wp-json\/wp\/v2\/pages\/69207"}],"collection":[{"href":"https:\/\/www.entrepriseetdecouverte.fr\/espace-pro\/wp-json\/wp\/v2\/pages"}],"about":[{"href":"https:\/\/www.entrepriseetdecouverte.fr\/espace-pro\/wp-json\/wp\/v2\/types\/page"}],"author":[{"embeddable":true,"href":"https:\/\/www.entrepriseetdecouverte.fr\/espace-pro\/wp-json\/wp\/v2\/users\/1160"}],"replies":[{"embeddable":true,"href":"https:\/\/www.entrepriseetdecouverte.fr\/espace-pro\/wp-json\/wp\/v2\/comments?post=69207"}],"version-history":[{"count":15,"href":"https:\/\/www.entrepriseetdecouverte.fr\/espace-pro\/wp-json\/wp\/v2\/pages\/69207\/revisions"}],"predecessor-version":[{"id":72126,"href":"https:\/\/www.entrepriseetdecouverte.fr\/espace-pro\/wp-json\/wp\/v2\/pages\/69207\/revisions\/72126"}],"up":[{"embeddable":true,"href":"https:\/\/www.entrepriseetdecouverte.fr\/espace-pro\/wp-json\/wp\/v2\/pages\/62877"}],"wp:featuredmedia":[{"embeddable":true,"href":"https:\/\/www.entrepriseetdecouverte.fr\/espace-pro\/wp-json\/wp\/v2\/media\/61971"}],"wp:attachment":[{"href":"https:\/\/www.entrepriseetdecouverte.fr\/espace-pro\/wp-json\/wp\/v2\/media?parent=69207"}],"curies":[{"name":"wp","href":"https:\/\/api.w.org\/{rel}","templated":true}]}}