{"id":62985,"date":"2022-05-19T16:27:53","date_gmt":"2022-05-19T14:27:53","guid":{"rendered":"https:\/\/www.entrepriseetdecouverte.fr\/espace-pro\/?page_id=62985"},"modified":"2026-03-27T11:34:01","modified_gmt":"2026-03-27T10:34:01","slug":"provence-alpes-cote-dazur","status":"publish","type":"page","link":"https:\/\/www.entrepriseetdecouverte.fr\/espace-pro\/lassociation\/nos-antennes-regionales\/provence-alpes-cote-dazur\/","title":{"rendered":"Antenne Sud &#8211; Provence-Alpes-C\u00f4te d&rsquo;Azur"},"content":{"rendered":"\n<p class=\"has-text-align-left is-style-intro\"><strong>Cr\u00e9\u00e9e en 2022 et bas\u00e9e \u00e0 Marseille, l\u2019antenne Sud &#8211; Provence-Alpes-C\u00f4te d\u2019Azur d\u2019Entreprise et D\u00e9couverte a pour mission de d\u00e9velopper, f\u00e9d\u00e9rer et promouvoir la fili\u00e8re de la visite d\u2019entreprise sur l\u2019ensemble du territoire r\u00e9gional. <\/strong><\/p>\n\n\n\n<h3>Une r\u00e9gion leader<\/h3>\n\n\n\n<div class=\"wp-block-image\"><figure class=\"aligncenter size-full\"><img loading=\"lazy\" width=\"807\" height=\"262\" data-src=\"https:\/\/www.entrepriseetdecouverte.fr\/espace-pro\/wp-content\/uploads\/sites\/2\/2025\/10\/chiffres-cles-paca.png\" alt=\"\" class=\"wp-image-72156\" data-srcset=\"https:\/\/www.entrepriseetdecouverte.fr\/espace-pro\/wp-content\/uploads\/sites\/2\/2025\/10\/chiffres-cles-paca.png 807w, https:\/\/www.entrepriseetdecouverte.fr\/espace-pro\/wp-content\/uploads\/sites\/2\/2025\/10\/chiffres-cles-paca-600x195.png 600w, https:\/\/www.entrepriseetdecouverte.fr\/espace-pro\/wp-content\/uploads\/sites\/2\/2025\/10\/chiffres-cles-paca-200x65.png 200w, https:\/\/www.entrepriseetdecouverte.fr\/espace-pro\/wp-content\/uploads\/sites\/2\/2025\/10\/chiffres-cles-paca-185x60.png 185w\" sizes=\"(max-width: 807px) 100vw, 807px\" \/><\/figure><\/div>\n\n\n\n<p class=\"is-style-normal\"><strong>\ud83d\udc49 D\u00e9couvrez notre <a href=\"https:\/\/www.entrepriseetdecouverte.fr\/espace-pro\/lassociation\/lobservatoire\/les-observatoires-regionaux\/\" target=\"_blank\" rel=\"noreferrer noopener\">observatoire r\u00e9gional<\/a> de la visite d\u2019entreprise<\/strong><\/p>\n\n\n\n<p class=\"is-style-normal\"><strong>\ud83d\udc49 Consultez les <a href=\"https:\/\/www.entrepriseetdecouverte.fr\/je-trouve-ma-visite\/par-region\/provence-alpes-cote-dazur\/\" target=\"_blank\" rel=\"noreferrer noopener\">visites propos\u00e9es dans la r\u00e9gion<\/a> <\/strong><\/p>\n\n\n\n<div class=\"wp-block-media-text alignwide is-stacked-on-mobile is-image-fill\" style=\"grid-template-columns:32% auto\"><figure class=\"wp-block-media-text__media\" style=\"background-image:url(https:\/\/www.entrepriseetdecouverte.fr\/espace-pro\/wp-content\/uploads\/sites\/2\/2026\/03\/guide-routard-paca.jpg);background-position:56.00000000000001% 0%\"><img loading=\"lazy\" width=\"622\" height=\"1000\" data-src=\"https:\/\/www.entrepriseetdecouverte.fr\/espace-pro\/wp-content\/uploads\/sites\/2\/2026\/03\/guide-routard-paca.jpg\" alt=\"\" class=\"wp-image-74148 size-full\" data-srcset=\"https:\/\/www.entrepriseetdecouverte.fr\/espace-pro\/wp-content\/uploads\/sites\/2\/2026\/03\/guide-routard-paca.jpg 622w, https:\/\/www.entrepriseetdecouverte.fr\/espace-pro\/wp-content\/uploads\/sites\/2\/2026\/03\/guide-routard-paca-373x600.jpg 373w, https:\/\/www.entrepriseetdecouverte.fr\/espace-pro\/wp-content\/uploads\/sites\/2\/2026\/03\/guide-routard-paca-560x900.jpg 560w, https:\/\/www.entrepriseetdecouverte.fr\/espace-pro\/wp-content\/uploads\/sites\/2\/2026\/03\/guide-routard-paca-200x322.jpg 200w, https:\/\/www.entrepriseetdecouverte.fr\/espace-pro\/wp-content\/uploads\/sites\/2\/2026\/03\/guide-routard-paca-37x60.jpg 37w\" sizes=\"(max-width: 622px) 100vw, 622px\" \/><\/figure><div class=\"wp-block-media-text__content\">\n<p class=\"is-style-normal\">Entreprise et D\u00e9couverte et la R\u00e9gion Sud-Provence-Alpes-C\u00f4te d\u2019Azur ont \u00e9t\u00e9 \u00e0 l\u2019initiative de la <strong>premi\u00e8re \u00e9dition r\u00e9gionale du Guide du Routard de la Visite d\u2019Entreprise<\/strong> \u00e9dit\u00e9 en 2017.<\/p>\n<\/div><\/div>\n\n\n\n<h3>Un r\u00e9seau d&rsquo;acteurs engag\u00e9s<\/h3>\n\n\n\n<p class=\"is-style-normal\">L\u2019antenne Sud \u2013 Provence-Alpes-C\u00f4te d\u2019Azur rassemble <strong>70 adh\u00e9rents<\/strong> : entreprises ouvertes \u00e0 la visite, offices de tourisme et \u00e9tablissements publics de coop\u00e9ration intercommunale (EPCI), engag\u00e9s ou en projet. <\/p>\n\n\n\n<p class=\"is-style-normal\"><strong>Pourquoi adh\u00e9rer ? <\/strong><\/p>\n\n\n\n<ul><li>Rejoindre un r\u00e9seau d\u2019acteurs partageant les m\u00eames enjeux<\/li><li>D\u00e9velopper son r\u00e9seau professionnel<\/li><li>Gagner en visibilit\u00e9 et en notori\u00e9t\u00e9, gr\u00e2ce \u00e0 nos supports de communication<\/li><li>Monter en comp\u00e9tences gr\u00e2ce \u00e0 des \u00e9v\u00e9nements nationaux et r\u00e9gionaux organis\u00e9s chez nos adh\u00e9rents<\/li><\/ul>\n\n\n\n<div class=\"wp-block-media-text alignwide is-stacked-on-mobile is-image-fill\" style=\"grid-template-columns:32% auto\"><figure class=\"wp-block-media-text__media\" style=\"background-image:url(https:\/\/www.entrepriseetdecouverte.fr\/espace-pro\/wp-content\/uploads\/sites\/2\/2026\/03\/rencontre-tourisme-entreprise-savoi-faire-11-1200x900.jpg);background-position:50% 50%\"><img loading=\"lazy\" width=\"1200\" height=\"900\" data-src=\"https:\/\/www.entrepriseetdecouverte.fr\/espace-pro\/wp-content\/uploads\/sites\/2\/2026\/03\/rencontre-tourisme-entreprise-savoi-faire-11-1200x900.jpg\" alt=\"\" class=\"wp-image-74174 size-full\" data-srcset=\"https:\/\/www.entrepriseetdecouverte.fr\/espace-pro\/wp-content\/uploads\/sites\/2\/2026\/03\/rencontre-tourisme-entreprise-savoi-faire-11-1200x900.jpg 1200w, https:\/\/www.entrepriseetdecouverte.fr\/espace-pro\/wp-content\/uploads\/sites\/2\/2026\/03\/rencontre-tourisme-entreprise-savoi-faire-11-600x450.jpg 600w, https:\/\/www.entrepriseetdecouverte.fr\/espace-pro\/wp-content\/uploads\/sites\/2\/2026\/03\/rencontre-tourisme-entreprise-savoi-faire-11-900x675.jpg 900w, https:\/\/www.entrepriseetdecouverte.fr\/espace-pro\/wp-content\/uploads\/sites\/2\/2026\/03\/rencontre-tourisme-entreprise-savoi-faire-11-1536x1152.jpg 1536w, https:\/\/www.entrepriseetdecouverte.fr\/espace-pro\/wp-content\/uploads\/sites\/2\/2026\/03\/rencontre-tourisme-entreprise-savoi-faire-11-200x150.jpg 200w, https:\/\/www.entrepriseetdecouverte.fr\/espace-pro\/wp-content\/uploads\/sites\/2\/2026\/03\/rencontre-tourisme-entreprise-savoi-faire-11-80x60.jpg 80w, https:\/\/www.entrepriseetdecouverte.fr\/espace-pro\/wp-content\/uploads\/sites\/2\/2026\/03\/rencontre-tourisme-entreprise-savoi-faire-11.jpg 2048w\" sizes=\"(max-width: 1200px) 100vw, 1200px\" \/><\/figure><div class=\"wp-block-media-text__content\">\n<p class=\"is-style-normal\"><strong>1\u00e8re Rencontre Territoriale<\/strong> au Ch\u00e2teau du Barroux (Vaucluse), en partenariat avec le Comit\u00e9 R\u00e9gional de Tourisme Provence-Alpes-C\u00f4te d&rsquo;Azur et Vaucluse Provence Attractivit\u00e9 sur la th\u00e9matique \u00ab\u00a0Pourquoi et comment diversifier son offre de visite d&rsquo;entreprise ?\u00a0\u00bb<\/p>\n<\/div><\/div>\n\n\n\n<div class=\"wp-block-media-text alignwide is-stacked-on-mobile is-image-fill\" style=\"grid-template-columns:32% auto\"><figure class=\"wp-block-media-text__media\" style=\"background-image:url(https:\/\/www.entrepriseetdecouverte.fr\/espace-pro\/wp-content\/uploads\/sites\/2\/2026\/03\/20250603_101009-1200x540.jpg);background-position:50% 50%\"><img loading=\"lazy\" width=\"1200\" height=\"540\" data-src=\"https:\/\/www.entrepriseetdecouverte.fr\/espace-pro\/wp-content\/uploads\/sites\/2\/2026\/03\/20250603_101009-1200x540.jpg\" alt=\"\" class=\"wp-image-74175 size-full\" data-srcset=\"https:\/\/www.entrepriseetdecouverte.fr\/espace-pro\/wp-content\/uploads\/sites\/2\/2026\/03\/20250603_101009-1200x540.jpg 1200w, https:\/\/www.entrepriseetdecouverte.fr\/espace-pro\/wp-content\/uploads\/sites\/2\/2026\/03\/20250603_101009-600x270.jpg 600w, https:\/\/www.entrepriseetdecouverte.fr\/espace-pro\/wp-content\/uploads\/sites\/2\/2026\/03\/20250603_101009-900x405.jpg 900w, https:\/\/www.entrepriseetdecouverte.fr\/espace-pro\/wp-content\/uploads\/sites\/2\/2026\/03\/20250603_101009-1536x692.jpg 1536w, https:\/\/www.entrepriseetdecouverte.fr\/espace-pro\/wp-content\/uploads\/sites\/2\/2026\/03\/20250603_101009-200x90.jpg 200w, https:\/\/www.entrepriseetdecouverte.fr\/espace-pro\/wp-content\/uploads\/sites\/2\/2026\/03\/20250603_101009-133x60.jpg 133w, https:\/\/www.entrepriseetdecouverte.fr\/espace-pro\/wp-content\/uploads\/sites\/2\/2026\/03\/20250603_101009.jpg 2048w\" sizes=\"(max-width: 1200px) 100vw, 1200px\" \/><\/figure><div class=\"wp-block-media-text__content\">\n<p class=\"is-style-normal\"><strong>4\u00e8me Matinale<\/strong> \u00e0 la Soci\u00e9t\u00e9 du Canal de Provence (Bouches-du-Rh\u00f4ne) sur la th\u00e9matique \u00ab\u00a0Visite d&rsquo;entreprise et m\u00e9diation : comment \u00ab\u00a0embarquer\u00a0\u00bb vos visiteurs et leur transmettre vos messages cl\u00e9s ?\u00a0\u00bb<\/p>\n<\/div><\/div>\n\n\n\n<p><\/p>\n\n\n\n<p class=\"is-style-normal\"><strong>\ud83d\udc49 En savoir plus sur l\u2019<a href=\"https:\/\/www.entrepriseetdecouverte.fr\/accueil\/jadhere\/\" target=\"_blank\" rel=\"noreferrer noopener\">adh\u00e9sion<\/a><\/strong><\/p>\n\n\n\n<h3>Nos accompagnements<\/h3>\n\n\n\n<p class=\"is-style-normal\">L\u2019antenne Sud \u2013 Provence-Alpes-C\u00f4te d\u2019Azur accompagne les acteurs publics et priv\u00e9s dans le d\u00e9veloppement de leurs projets de visite d\u2019entreprise.<\/p>\n\n\n\n<p><strong>Aux c\u00f4t\u00e9s des entreprises : <\/strong><\/p>\n\n\n\n<ul><li>Audit de faisabilit\u00e9 \u00e0 la visite d&rsquo;entreprise<\/li><li>Audit de professionnalisation \u00e0 la visite d&rsquo;entreprise<\/li><li>Conception\/r\u00e9alisation d&rsquo;espaces d&rsquo;accueil et de visite<\/li><li>Formation\/transfert de comp\u00e9tences \u00e0 la visite d&rsquo;entreprise<\/li><\/ul>\n\n\n\n<p><strong>Aux c\u00f4t\u00e9s des territoires et f\u00e9d\u00e9rations professionnelles : <\/strong><\/p>\n\n\n\n<ul><li>Diagnostic et strat\u00e9gie visite d&rsquo;entreprise<\/li><li>Ev\u00e9nement et programme annuel visite d&rsquo;entreprise<\/li><li>Atelier de sensibilisation \u00e0 la visite d&rsquo;entreprise<\/li><li>Formation\/transfert de comp\u00e9tences \u00e0 la visite d&rsquo;entreprise<\/li><li>Rencontre BtoB visite d&rsquo;entreprise<\/li><\/ul>\n\n\n\n<p class=\"is-style-normal\"><strong>\ud83d\udc49 D\u00e9couvrez nos <a href=\"https:\/\/www.entrepriseetdecouverte.fr\/espace-pro\/2026\/03\/26\/references-provence-alpes-cote-azur\/\" target=\"_blank\" rel=\"noreferrer noopener\">r\u00e9f\u00e9rences<\/a><\/strong><\/p>\n\n\n\n<p class=\"is-style-normal\"><strong>\ud83d\udc49 <strong>Vous souhaitez d\u00e9velopper un projet de visite dans votre entreprise ou \u00e0 l\u2019\u00e9chelle de votre territoire ou f\u00e9d\u00e9ration professionnelle ? <\/strong><\/strong>Contactez-moi.<\/p>\n\n\n\n<div class=\"wp-block-columns alignwide\"><\/div>\n\n\n\n<h3>Des partenaires impliqu\u00e9s<\/h3>\n\n\n\n<p class=\"is-style-normal\">L\u2019antenne Sud \u2013 Provence-Alpes-C\u00f4te d\u2019Azur s\u2019appuie sur un <strong>comit\u00e9 de pilotage<\/strong> r\u00e9unissant des partenaires impliqu\u00e9s dans la strat\u00e9gie de d\u00e9veloppement de la fili\u00e8re.<\/p>\n\n\n\n<figure class=\"wp-block-image size-large\"><img loading=\"lazy\" width=\"1200\" height=\"675\" data-src=\"https:\/\/www.entrepriseetdecouverte.fr\/espace-pro\/wp-content\/uploads\/sites\/2\/2026\/03\/logos-partenaires-1200x675.jpg\" alt=\"\" class=\"wp-image-74171\" data-srcset=\"https:\/\/www.entrepriseetdecouverte.fr\/espace-pro\/wp-content\/uploads\/sites\/2\/2026\/03\/logos-partenaires-1200x675.jpg 1200w, https:\/\/www.entrepriseetdecouverte.fr\/espace-pro\/wp-content\/uploads\/sites\/2\/2026\/03\/logos-partenaires-600x338.jpg 600w, https:\/\/www.entrepriseetdecouverte.fr\/espace-pro\/wp-content\/uploads\/sites\/2\/2026\/03\/logos-partenaires-900x506.jpg 900w, https:\/\/www.entrepriseetdecouverte.fr\/espace-pro\/wp-content\/uploads\/sites\/2\/2026\/03\/logos-partenaires-1536x864.jpg 1536w, https:\/\/www.entrepriseetdecouverte.fr\/espace-pro\/wp-content\/uploads\/sites\/2\/2026\/03\/logos-partenaires-200x113.jpg 200w, https:\/\/www.entrepriseetdecouverte.fr\/espace-pro\/wp-content\/uploads\/sites\/2\/2026\/03\/logos-partenaires-1600x900.jpg 1600w, https:\/\/www.entrepriseetdecouverte.fr\/espace-pro\/wp-content\/uploads\/sites\/2\/2026\/03\/logos-partenaires-107x60.jpg 107w, https:\/\/www.entrepriseetdecouverte.fr\/espace-pro\/wp-content\/uploads\/sites\/2\/2026\/03\/logos-partenaires.jpg 1920w\" sizes=\"(max-width: 1200px) 100vw, 1200px\" \/><\/figure>\n\n\n\n<p class=\"is-style-normal\">Les membres du comit\u00e9 :<\/p>\n\n\n\n<ul><li>Participent \u00e0 la d\u00e9finition des orientations strat\u00e9giques<\/li><li>B\u00e9n\u00e9ficient d\u2019informations en avant-premi\u00e8re<\/li><li>Profitent d\u2019une visibilit\u00e9 renforc\u00e9e sur nos supports<\/li><\/ul>\n\n\n\n<p class=\"is-style-normal\"><strong>\ud83d\udc49 <strong>Vous souhaitez si\u00e9ger au comit\u00e9 de pilotage ? <\/strong><\/strong>Contactez-moi.<\/p>\n\n\n\n<h3>Votre interlocutrice<\/h3>\n\n\n\n<div class=\"wp-block-columns\">\n<div class=\"wp-block-column\" style=\"flex-basis:33.33%\">\n<figure class=\"wp-block-image size-large is-style-default\"><img loading=\"lazy\" width=\"800\" height=\"1200\" data-src=\"https:\/\/www.entrepriseetdecouverte.fr\/espace-pro\/wp-content\/uploads\/sites\/2\/2024\/12\/1261eed-copie-mayeux-57-800x1200.jpg\" alt=\"\" class=\"wp-image-70048\" data-srcset=\"https:\/\/www.entrepriseetdecouverte.fr\/espace-pro\/wp-content\/uploads\/sites\/2\/2024\/12\/1261eed-copie-mayeux-57-800x1200.jpg 800w, https:\/\/www.entrepriseetdecouverte.fr\/espace-pro\/wp-content\/uploads\/sites\/2\/2024\/12\/1261eed-copie-mayeux-57-400x600.jpg 400w, https:\/\/www.entrepriseetdecouverte.fr\/espace-pro\/wp-content\/uploads\/sites\/2\/2024\/12\/1261eed-copie-mayeux-57-600x900.jpg 600w, https:\/\/www.entrepriseetdecouverte.fr\/espace-pro\/wp-content\/uploads\/sites\/2\/2024\/12\/1261eed-copie-mayeux-57-1024x1536.jpg 1024w, https:\/\/www.entrepriseetdecouverte.fr\/espace-pro\/wp-content\/uploads\/sites\/2\/2024\/12\/1261eed-copie-mayeux-57-200x300.jpg 200w, https:\/\/www.entrepriseetdecouverte.fr\/espace-pro\/wp-content\/uploads\/sites\/2\/2024\/12\/1261eed-copie-mayeux-57-40x60.jpg 40w, https:\/\/www.entrepriseetdecouverte.fr\/espace-pro\/wp-content\/uploads\/sites\/2\/2024\/12\/1261eed-copie-mayeux-57.jpg 1365w\" sizes=\"(max-width: 800px) 100vw, 800px\" \/><\/figure>\n<\/div>\n\n\n\n<div class=\"wp-block-column is-vertically-aligned-center\" style=\"flex-basis:66.66%\">\n<p><strong>Mathilde BENEDETTO<br><\/strong>D\u00e9l\u00e9gu\u00e9e antenne Sud &#8211; Provence-Alpes-C\u00f4te d&rsquo;Azur<br><a href=\"mailto:marion.camarena@entrepriseetdecouverte.fr\">mathilde.benedetto@entrepriseetdecouverte.fr<\/a> <\/p>\n<\/div>\n<\/div>\n\n\n\n<p><\/p>\n\n\n\n<p><\/p>\n\n\n\n<p class=\"has-text-align-left is-style-default\"><\/p>\n\n\n\n<p><\/p>\n","protected":false},"excerpt":{"rendered":"<p>Cr\u00e9\u00e9e en 2022 et bas\u00e9e \u00e0 Marseille, l\u2019antenne Sud &#8211; Provence-Alpes-C\u00f4te d\u2019Azur d\u2019Entreprise et D\u00e9couverte a pour mission de d\u00e9velopper, f\u00e9d\u00e9rer et promouvoir la fili\u00e8re de la visite d\u2019entreprise sur l\u2019ensemble du territoire r\u00e9gional. Une r\u00e9gion leader \ud83d\udc49 D\u00e9couvrez notre observatoire r\u00e9gional de la visite d\u2019entreprise \ud83d\udc49 Consultez les visites propos\u00e9es dans la r\u00e9gion Entreprise [&hellip;]<\/p>\n","protected":false},"author":122,"featured_media":62986,"parent":62877,"menu_order":0,"comment_status":"closed","ping_status":"closed","template":"","meta":{"_relevanssi_hide_post":"","_relevanssi_pin_for_all":"","_relevanssi_pin_keywords":"","_relevanssi_unpin_keywords":"","_relevanssi_related_keywords":"","_relevanssi_related_include_ids":"","_relevanssi_related_exclude_ids":"","_relevanssi_related_no_append":"","_relevanssi_related_not_related":"","_relevanssi_related_posts":"62587,61967,61372,62659,62363,60031","_relevanssi_noindex_reason":""},"yoast_head":"<!-- This site is optimized with the Yoast SEO plugin v17.4 - https:\/\/yoast.com\/wordpress\/plugins\/seo\/ -->\n<meta name=\"description\" content=\"Cr\u00e9\u00e9e en 2022 et bas\u00e9e \u00e0 Marseille, l\u2019antenne Sud - Provence-Alpes-C\u00f4te d\u2019Azur d\u2019Entreprise et D\u00e9couverte a pour mission de d\u00e9velopper, f\u00e9d\u00e9rer et\" \/>\n<meta name=\"robots\" content=\"index, follow, max-snippet:-1, max-image-preview:large, max-video-preview:-1\" \/>\n<link rel=\"canonical\" href=\"https:\/\/www.entrepriseetdecouverte.fr\/espace-pro\/lassociation\/nos-antennes-regionales\/provence-alpes-cote-dazur\/\" \/>\n<meta property=\"og:locale\" content=\"fr_FR\" \/>\n<meta property=\"og:type\" content=\"article\" \/>\n<meta property=\"og:title\" content=\"Antenne Provence-Alpes-C\u00f4te d&#039;Azur \/ Entreprise et D\u00e9couverte\" \/>\n<meta property=\"og:description\" content=\"Cr\u00e9\u00e9e en 2022 et bas\u00e9e \u00e0 Marseille, l\u2019antenne Sud - Provence-Alpes-C\u00f4te d\u2019Azur d\u2019Entreprise et D\u00e9couverte a pour mission de d\u00e9velopper, f\u00e9d\u00e9rer et\" \/>\n<meta property=\"og:url\" content=\"https:\/\/www.entrepriseetdecouverte.fr\/espace-pro\/lassociation\/nos-antennes-regionales\/provence-alpes-cote-dazur\/\" \/>\n<meta property=\"og:site_name\" content=\"Espace Pro\" \/>\n<meta property=\"article:modified_time\" content=\"2026-03-27T10:34:01+00:00\" \/>\n<meta property=\"og:image\" content=\"https:\/\/www.entrepriseetdecouverte.fr\/espace-pro\/wp-content\/uploads\/sites\/2\/2022\/05\/48380036587_3550b52ecb_c.jpg\" \/>\n\t<meta property=\"og:image:width\" content=\"799\" \/>\n\t<meta property=\"og:image:height\" content=\"534\" \/>\n<meta name=\"twitter:card\" content=\"summary_large_image\" \/>\n<meta name=\"twitter:label1\" content=\"Dur\u00e9e de lecture estim\u00e9e\" \/>\n\t<meta name=\"twitter:data1\" content=\"3 minutes\" \/>\n<script type=\"application\/ld+json\" class=\"yoast-schema-graph\">{\"@context\":\"https:\/\/schema.org\",\"@graph\":[{\"@type\":\"WebSite\",\"@id\":\"https:\/\/www.entrepriseetdecouverte.fr\/espace-pro\/#website\",\"url\":\"https:\/\/www.entrepriseetdecouverte.fr\/espace-pro\/\",\"name\":\"Espace Pro\",\"description\":\"Un site utilisant Entreprise et D\\u00e9couverte Sites\",\"potentialAction\":[{\"@type\":\"SearchAction\",\"target\":{\"@type\":\"EntryPoint\",\"urlTemplate\":\"https:\/\/www.entrepriseetdecouverte.fr\/espace-pro\/?s={search_term_string}\"},\"query-input\":\"required name=search_term_string\"}],\"inLanguage\":\"fr-FR\"},{\"@type\":\"ImageObject\",\"@id\":\"https:\/\/www.entrepriseetdecouverte.fr\/espace-pro\/lassociation\/nos-antennes-regionales\/provence-alpes-cote-dazur\/#primaryimage\",\"inLanguage\":\"fr-FR\",\"url\":\"https:\/\/www.entrepriseetdecouverte.fr\/espace-pro\/wp-content\/uploads\/sites\/2\/2022\/05\/48380036587_3550b52ecb_c.jpg\",\"contentUrl\":\"https:\/\/www.entrepriseetdecouverte.fr\/espace-pro\/wp-content\/uploads\/sites\/2\/2022\/05\/48380036587_3550b52ecb_c.jpg\",\"width\":799,\"height\":534},{\"@type\":\"WebPage\",\"@id\":\"https:\/\/www.entrepriseetdecouverte.fr\/espace-pro\/lassociation\/nos-antennes-regionales\/provence-alpes-cote-dazur\/#webpage\",\"url\":\"https:\/\/www.entrepriseetdecouverte.fr\/espace-pro\/lassociation\/nos-antennes-regionales\/provence-alpes-cote-dazur\/\",\"name\":\"Antenne Provence-Alpes-C\\u00f4te d'Azur \/ Entreprise et D\\u00e9couverte\",\"isPartOf\":{\"@id\":\"https:\/\/www.entrepriseetdecouverte.fr\/espace-pro\/#website\"},\"primaryImageOfPage\":{\"@id\":\"https:\/\/www.entrepriseetdecouverte.fr\/espace-pro\/lassociation\/nos-antennes-regionales\/provence-alpes-cote-dazur\/#primaryimage\"},\"datePublished\":\"2022-05-19T14:27:53+00:00\",\"dateModified\":\"2026-03-27T10:34:01+00:00\",\"description\":\"Cr\\u00e9\\u00e9e en 2022 et bas\\u00e9e \\u00e0 Marseille, l\\u2019antenne Sud - Provence-Alpes-C\\u00f4te d\\u2019Azur d\\u2019Entreprise et D\\u00e9couverte a pour mission de d\\u00e9velopper, f\\u00e9d\\u00e9rer et\",\"breadcrumb\":{\"@id\":\"https:\/\/www.entrepriseetdecouverte.fr\/espace-pro\/lassociation\/nos-antennes-regionales\/provence-alpes-cote-dazur\/#breadcrumb\"},\"inLanguage\":\"fr-FR\",\"potentialAction\":[{\"@type\":\"ReadAction\",\"target\":[\"https:\/\/www.entrepriseetdecouverte.fr\/espace-pro\/lassociation\/nos-antennes-regionales\/provence-alpes-cote-dazur\/\"]}]},{\"@type\":\"BreadcrumbList\",\"@id\":\"https:\/\/www.entrepriseetdecouverte.fr\/espace-pro\/lassociation\/nos-antennes-regionales\/provence-alpes-cote-dazur\/#breadcrumb\",\"itemListElement\":[{\"@type\":\"ListItem\",\"position\":1,\"name\":\"Accueil\",\"item\":\"https:\/\/www.entrepriseetdecouverte.fr\/espace-pro\/\"},{\"@type\":\"ListItem\",\"position\":2,\"name\":\"L&rsquo;association\",\"item\":\"https:\/\/www.entrepriseetdecouverte.fr\/espace-pro\/lassociation\/\"},{\"@type\":\"ListItem\",\"position\":3,\"name\":\"Nos antennes r\\u00e9gionales\",\"item\":\"https:\/\/www.entrepriseetdecouverte.fr\/espace-pro\/lassociation\/nos-antennes-regionales\/\"},{\"@type\":\"ListItem\",\"position\":4,\"name\":\"Antenne Sud &#8211; Provence-Alpes-C\\u00f4te d&rsquo;Azur\"}]}]}<\/script>\n<!-- \/ Yoast SEO plugin. -->","yoast_head_json":{"description":"Cr\u00e9\u00e9e en 2022 et bas\u00e9e \u00e0 Marseille, l\u2019antenne Sud - Provence-Alpes-C\u00f4te d\u2019Azur d\u2019Entreprise et D\u00e9couverte a pour mission de d\u00e9velopper, f\u00e9d\u00e9rer et","robots":{"index":"index","follow":"follow","max-snippet":"max-snippet:-1","max-image-preview":"max-image-preview:large","max-video-preview":"max-video-preview:-1"},"canonical":"https:\/\/www.entrepriseetdecouverte.fr\/espace-pro\/lassociation\/nos-antennes-regionales\/provence-alpes-cote-dazur\/","og_locale":"fr_FR","og_type":"article","og_title":"Antenne Provence-Alpes-C\u00f4te d'Azur \/ Entreprise et D\u00e9couverte","og_description":"Cr\u00e9\u00e9e en 2022 et bas\u00e9e \u00e0 Marseille, l\u2019antenne Sud - Provence-Alpes-C\u00f4te d\u2019Azur d\u2019Entreprise et D\u00e9couverte a pour mission de d\u00e9velopper, f\u00e9d\u00e9rer et","og_url":"https:\/\/www.entrepriseetdecouverte.fr\/espace-pro\/lassociation\/nos-antennes-regionales\/provence-alpes-cote-dazur\/","og_site_name":"Espace Pro","article_modified_time":"2026-03-27T10:34:01+00:00","og_image":[{"width":799,"height":534,"url":"https:\/\/www.entrepriseetdecouverte.fr\/espace-pro\/wp-content\/uploads\/sites\/2\/2022\/05\/48380036587_3550b52ecb_c.jpg","type":"image\/jpeg"}],"twitter_card":"summary_large_image","twitter_misc":{"Dur\u00e9e de lecture estim\u00e9e":"3 minutes"},"schema":{"@context":"https:\/\/schema.org","@graph":[{"@type":"WebSite","@id":"https:\/\/www.entrepriseetdecouverte.fr\/espace-pro\/#website","url":"https:\/\/www.entrepriseetdecouverte.fr\/espace-pro\/","name":"Espace Pro","description":"Un site utilisant Entreprise et D\u00e9couverte Sites","potentialAction":[{"@type":"SearchAction","target":{"@type":"EntryPoint","urlTemplate":"https:\/\/www.entrepriseetdecouverte.fr\/espace-pro\/?s={search_term_string}"},"query-input":"required name=search_term_string"}],"inLanguage":"fr-FR"},{"@type":"ImageObject","@id":"https:\/\/www.entrepriseetdecouverte.fr\/espace-pro\/lassociation\/nos-antennes-regionales\/provence-alpes-cote-dazur\/#primaryimage","inLanguage":"fr-FR","url":"https:\/\/www.entrepriseetdecouverte.fr\/espace-pro\/wp-content\/uploads\/sites\/2\/2022\/05\/48380036587_3550b52ecb_c.jpg","contentUrl":"https:\/\/www.entrepriseetdecouverte.fr\/espace-pro\/wp-content\/uploads\/sites\/2\/2022\/05\/48380036587_3550b52ecb_c.jpg","width":799,"height":534},{"@type":"WebPage","@id":"https:\/\/www.entrepriseetdecouverte.fr\/espace-pro\/lassociation\/nos-antennes-regionales\/provence-alpes-cote-dazur\/#webpage","url":"https:\/\/www.entrepriseetdecouverte.fr\/espace-pro\/lassociation\/nos-antennes-regionales\/provence-alpes-cote-dazur\/","name":"Antenne Provence-Alpes-C\u00f4te d'Azur \/ Entreprise et D\u00e9couverte","isPartOf":{"@id":"https:\/\/www.entrepriseetdecouverte.fr\/espace-pro\/#website"},"primaryImageOfPage":{"@id":"https:\/\/www.entrepriseetdecouverte.fr\/espace-pro\/lassociation\/nos-antennes-regionales\/provence-alpes-cote-dazur\/#primaryimage"},"datePublished":"2022-05-19T14:27:53+00:00","dateModified":"2026-03-27T10:34:01+00:00","description":"Cr\u00e9\u00e9e en 2022 et bas\u00e9e \u00e0 Marseille, l\u2019antenne Sud - Provence-Alpes-C\u00f4te d\u2019Azur d\u2019Entreprise et D\u00e9couverte a pour mission de d\u00e9velopper, f\u00e9d\u00e9rer et","breadcrumb":{"@id":"https:\/\/www.entrepriseetdecouverte.fr\/espace-pro\/lassociation\/nos-antennes-regionales\/provence-alpes-cote-dazur\/#breadcrumb"},"inLanguage":"fr-FR","potentialAction":[{"@type":"ReadAction","target":["https:\/\/www.entrepriseetdecouverte.fr\/espace-pro\/lassociation\/nos-antennes-regionales\/provence-alpes-cote-dazur\/"]}]},{"@type":"BreadcrumbList","@id":"https:\/\/www.entrepriseetdecouverte.fr\/espace-pro\/lassociation\/nos-antennes-regionales\/provence-alpes-cote-dazur\/#breadcrumb","itemListElement":[{"@type":"ListItem","position":1,"name":"Accueil","item":"https:\/\/www.entrepriseetdecouverte.fr\/espace-pro\/"},{"@type":"ListItem","position":2,"name":"L&rsquo;association","item":"https:\/\/www.entrepriseetdecouverte.fr\/espace-pro\/lassociation\/"},{"@type":"ListItem","position":3,"name":"Nos antennes r\u00e9gionales","item":"https:\/\/www.entrepriseetdecouverte.fr\/espace-pro\/lassociation\/nos-antennes-regionales\/"},{"@type":"ListItem","position":4,"name":"Antenne Sud &#8211; Provence-Alpes-C\u00f4te d&rsquo;Azur"}]}]}},"_links":{"self":[{"href":"https:\/\/www.entrepriseetdecouverte.fr\/espace-pro\/wp-json\/wp\/v2\/pages\/62985"}],"collection":[{"href":"https:\/\/www.entrepriseetdecouverte.fr\/espace-pro\/wp-json\/wp\/v2\/pages"}],"about":[{"href":"https:\/\/www.entrepriseetdecouverte.fr\/espace-pro\/wp-json\/wp\/v2\/types\/page"}],"author":[{"embeddable":true,"href":"https:\/\/www.entrepriseetdecouverte.fr\/espace-pro\/wp-json\/wp\/v2\/users\/122"}],"replies":[{"embeddable":true,"href":"https:\/\/www.entrepriseetdecouverte.fr\/espace-pro\/wp-json\/wp\/v2\/comments?post=62985"}],"version-history":[{"count":58,"href":"https:\/\/www.entrepriseetdecouverte.fr\/espace-pro\/wp-json\/wp\/v2\/pages\/62985\/revisions"}],"predecessor-version":[{"id":74187,"href":"https:\/\/www.entrepriseetdecouverte.fr\/espace-pro\/wp-json\/wp\/v2\/pages\/62985\/revisions\/74187"}],"up":[{"embeddable":true,"href":"https:\/\/www.entrepriseetdecouverte.fr\/espace-pro\/wp-json\/wp\/v2\/pages\/62877"}],"wp:featuredmedia":[{"embeddable":true,"href":"https:\/\/www.entrepriseetdecouverte.fr\/espace-pro\/wp-json\/wp\/v2\/media\/62986"}],"wp:attachment":[{"href":"https:\/\/www.entrepriseetdecouverte.fr\/espace-pro\/wp-json\/wp\/v2\/media?parent=62985"}],"curies":[{"name":"wp","href":"https:\/\/api.w.org\/{rel}","templated":true}]}}