{"id":62877,"date":"2022-03-23T15:20:31","date_gmt":"2022-03-23T14:20:31","guid":{"rendered":"https:\/\/www.entrepriseetdecouverte.fr\/espace-pro\/?page_id=62877"},"modified":"2026-03-24T16:35:27","modified_gmt":"2026-03-24T15:35:27","slug":"nos-antennes-regionales","status":"publish","type":"page","link":"https:\/\/www.entrepriseetdecouverte.fr\/espace-pro\/lassociation\/nos-antennes-regionales\/","title":{"rendered":"Nos antennes r\u00e9gionales"},"content":{"rendered":"\n<p class=\"is-style-intro\">Entreprise et D\u00e9couverte, association nationale de la visite d\u2019entreprise, compte 5 antennes sur le territoire : en Auvergne-Rh\u00f4ne Alpes, dans les Hauts-de-France, en r\u00e9gion Provence- Alpes-C\u00f4te d&rsquo;Azur, dans le Sud Ouest et dans le grand Ouest. <br>Leur ambition : d\u00e9velopper et structurer l&rsquo;offre, animer le r\u00e9seau des acteurs de la fili\u00e8re, et valoriser les savoir-faire r\u00e9gionaux. <\/p>\n\n\n\n<p>Ces antennes nous permettent :<br><br>&#8211; D&rsquo;\u00eatre proche des territoires et r\u00e9pondre \u00e0 une demande croissante des entreprises<\/p>\n\n\n\n<p>&#8211; De croiser l\u2019expertise d\u2019Entreprise et D\u00e9couverte sur la visite d\u2019entreprise et l\u2019expertise des acteurs des territoires sur l\u2019expression des besoins et des potentiels<\/p>\n\n\n\n<p>&#8211; De faire valoir notre conception de la Visite d\u2019Entreprise \u00ab au c\u0153ur de la production dans une approche culturelle \u00bb<\/p>\n\n\n\n<div class=\"wp-block-media-text alignwide is-stacked-on-mobile\"><figure class=\"wp-block-media-text__media\"><img loading=\"lazy\" width=\"1200\" height=\"960\" data-src=\"https:\/\/www.entrepriseetdecouverte.fr\/espace-pro\/wp-content\/uploads\/sites\/2\/2025\/02\/1261eed-copie-mayeux-20-1200x960.jpg\" alt=\"\" class=\"wp-image-70520 size-full\" data-srcset=\"https:\/\/www.entrepriseetdecouverte.fr\/espace-pro\/wp-content\/uploads\/sites\/2\/2025\/02\/1261eed-copie-mayeux-20-1200x960.jpg 1200w, https:\/\/www.entrepriseetdecouverte.fr\/espace-pro\/wp-content\/uploads\/sites\/2\/2025\/02\/1261eed-copie-mayeux-20-600x480.jpg 600w, https:\/\/www.entrepriseetdecouverte.fr\/espace-pro\/wp-content\/uploads\/sites\/2\/2025\/02\/1261eed-copie-mayeux-20-900x720.jpg 900w, https:\/\/www.entrepriseetdecouverte.fr\/espace-pro\/wp-content\/uploads\/sites\/2\/2025\/02\/1261eed-copie-mayeux-20-1536x1229.jpg 1536w, https:\/\/www.entrepriseetdecouverte.fr\/espace-pro\/wp-content\/uploads\/sites\/2\/2025\/02\/1261eed-copie-mayeux-20-200x160.jpg 200w, https:\/\/www.entrepriseetdecouverte.fr\/espace-pro\/wp-content\/uploads\/sites\/2\/2025\/02\/1261eed-copie-mayeux-20-75x60.jpg 75w, https:\/\/www.entrepriseetdecouverte.fr\/espace-pro\/wp-content\/uploads\/sites\/2\/2025\/02\/1261eed-copie-mayeux-20.jpg 2048w\" sizes=\"(max-width: 1200px) 100vw, 1200px\" \/><\/figure><div class=\"wp-block-media-text__content\">\n<p class=\"has-medium-font-size\"><strong>Les r\u00e9f\u00e9rents r\u00e9gionaux<\/strong><\/p>\n\n\n\n<p><strong>Anne AUBINEAU<\/strong>, Directrice antenne Ouest<br><a href=\"mailto:anne.aubineau@entrepriseetdecouverte.fr\">anne.aubineau@entrepriseetdecouverte.fr<\/a><\/p>\n\n\n\n<p><strong>Sol\u00e8ne BO\u00cbFFARD<\/strong>, D\u00e9l\u00e9gu\u00e9e r\u00e9gionale adjointe Ouest<br><a href=\"mailto:solene.boeffard@entrepriseetdecouverte.fr\">solene.boeffard@entrepriseetdecouverte.fr<\/a><\/p>\n\n\n\n<p><strong>Chlo\u00e9 CHABOT<\/strong>, D\u00e9l\u00e9gu\u00e9e R\u00e9gionale Auvergne Rh\u00f4ne-Alpes <br><a href=\"mailto:chloe.chabot@entrepriseetdecouverte.fr\">chloe.chabot@entrepriseetdecouverte.fr<\/a> <\/p>\n\n\n\n<p><strong>Mathilde BENEDETTO<\/strong>, D\u00e9l\u00e9gu\u00e9e r\u00e9gionale Provence-Alpes-C\u00f4te d&rsquo;Azur   <\/p>\n\n\n\n<p> <a href=\"mailto:mathilde.benedetto@entrepriseetdecouverte.fr\">mathilde.benedetto@entrepriseetdecouverte.fr <\/a>  <\/p>\n\n\n\n<p><strong>Val\u00e9rie LEFRANC<\/strong>, D\u00e9l\u00e9gu\u00e9e r\u00e9gionale Hauts-de-France<br><a href=\"mailto:valerie.lefranc@entrepriseetdecouverte.fr\">valerie.lefranc@entrepriseetdecouverte.fr<\/a><\/p>\n\n\n\n<p><strong>Jade BAILLEUL<\/strong>, Charg\u00e9e de mission Hauts-de-France<br><a href=\"mailto:jade.bailleul@entrepriseetdecouverte.fr\">jade.bailleul@entrepriseetdecouverte.fr<\/a>  <\/p>\n\n\n\n<p class=\"is-style-default\"><strong>Pauline<\/strong> <strong>AUBELEAU<\/strong>, D\u00e9l\u00e9gu\u00e9e R\u00e9gionale Sud-Ouest                                <a href=\"mailto:pauline.aubeleau@entrepriseetdecouverte.fr\" target=\"_blank\" rel=\"noreferrer noopener\">pauline.aubeleau@entrepriseetdecouverte.fr<\/a>       <\/p>\n<\/div><\/div>\n","protected":false},"excerpt":{"rendered":"<p>Entreprise et D\u00e9couverte, association nationale de la visite d\u2019entreprise, compte 5 antennes sur le territoire : en Auvergne-Rh\u00f4ne Alpes, dans les Hauts-de-France, en r\u00e9gion Provence- Alpes-C\u00f4te d&rsquo;Azur, dans le Sud Ouest et dans le grand Ouest. Leur ambition : d\u00e9velopper et structurer l&rsquo;offre, animer le r\u00e9seau des acteurs de la fili\u00e8re, et valoriser les savoir-faire [&hellip;]<\/p>\n","protected":false},"author":122,"featured_media":63912,"parent":7,"menu_order":0,"comment_status":"closed","ping_status":"closed","template":"page-templates\/intermediaire.php","meta":{"_relevanssi_hide_post":"","_relevanssi_pin_for_all":"","_relevanssi_pin_keywords":"","_relevanssi_unpin_keywords":"","_relevanssi_related_keywords":"","_relevanssi_related_include_ids":"","_relevanssi_related_exclude_ids":"","_relevanssi_related_no_append":"","_relevanssi_related_not_related":"","_relevanssi_related_posts":"61967,62348,61625,61583,62587,62474","_relevanssi_noindex_reason":""},"yoast_head":"<!-- This site is optimized with the Yoast SEO plugin v17.4 - https:\/\/yoast.com\/wordpress\/plugins\/seo\/ -->\n<meta name=\"description\" content=\"Entreprise et D\u00e9couverte, association nationale de la visite d\u2019entreprise, compte 5 antennes sur le territoire : en Auvergne-Rh\u00f4ne Alpes, dans les\" \/>\n<meta name=\"robots\" content=\"index, follow, max-snippet:-1, max-image-preview:large, max-video-preview:-1\" \/>\n<link rel=\"canonical\" href=\"https:\/\/www.entrepriseetdecouverte.fr\/espace-pro\/lassociation\/nos-antennes-regionales\/\" \/>\n<meta property=\"og:locale\" content=\"fr_FR\" \/>\n<meta property=\"og:type\" content=\"article\" \/>\n<meta property=\"og:title\" content=\"Nos antennes r\u00e9gionales - Espace Pro - Entreprise et D\u00e9couverte\" \/>\n<meta property=\"og:description\" content=\"Entreprise et D\u00e9couverte, association nationale de la visite d\u2019entreprise, compte 5 antennes sur le territoire : en Auvergne-Rh\u00f4ne Alpes, dans les\" \/>\n<meta property=\"og:url\" content=\"https:\/\/www.entrepriseetdecouverte.fr\/espace-pro\/lassociation\/nos-antennes-regionales\/\" \/>\n<meta property=\"og:site_name\" content=\"Espace Pro\" \/>\n<meta property=\"article:modified_time\" content=\"2026-03-24T15:35:27+00:00\" \/>\n<meta property=\"og:image\" content=\"https:\/\/www.entrepriseetdecouverte.fr\/espace-pro\/wp-content\/uploads\/sites\/2\/2023\/04\/photo-antennes_entreprise-et-decouverte.2.jpg\" \/>\n\t<meta property=\"og:image:width\" content=\"1216\" \/>\n\t<meta property=\"og:image:height\" content=\"1113\" \/>\n<meta name=\"twitter:card\" content=\"summary_large_image\" \/>\n<meta name=\"twitter:label1\" content=\"Dur\u00e9e de lecture estim\u00e9e\" \/>\n\t<meta name=\"twitter:data1\" content=\"1 minute\" \/>\n<script type=\"application\/ld+json\" class=\"yoast-schema-graph\">{\"@context\":\"https:\/\/schema.org\",\"@graph\":[{\"@type\":\"WebSite\",\"@id\":\"https:\/\/www.entrepriseetdecouverte.fr\/espace-pro\/#website\",\"url\":\"https:\/\/www.entrepriseetdecouverte.fr\/espace-pro\/\",\"name\":\"Espace Pro\",\"description\":\"Un site utilisant Entreprise et D\\u00e9couverte Sites\",\"potentialAction\":[{\"@type\":\"SearchAction\",\"target\":{\"@type\":\"EntryPoint\",\"urlTemplate\":\"https:\/\/www.entrepriseetdecouverte.fr\/espace-pro\/?s={search_term_string}\"},\"query-input\":\"required name=search_term_string\"}],\"inLanguage\":\"fr-FR\"},{\"@type\":\"ImageObject\",\"@id\":\"https:\/\/www.entrepriseetdecouverte.fr\/espace-pro\/lassociation\/nos-antennes-regionales\/#primaryimage\",\"inLanguage\":\"fr-FR\",\"url\":\"https:\/\/www.entrepriseetdecouverte.fr\/espace-pro\/wp-content\/uploads\/sites\/2\/2023\/04\/photo-antennes_entreprise-et-decouverte.2.jpg\",\"contentUrl\":\"https:\/\/www.entrepriseetdecouverte.fr\/espace-pro\/wp-content\/uploads\/sites\/2\/2023\/04\/photo-antennes_entreprise-et-decouverte.2.jpg\",\"width\":1216,\"height\":1113},{\"@type\":\"WebPage\",\"@id\":\"https:\/\/www.entrepriseetdecouverte.fr\/espace-pro\/lassociation\/nos-antennes-regionales\/#webpage\",\"url\":\"https:\/\/www.entrepriseetdecouverte.fr\/espace-pro\/lassociation\/nos-antennes-regionales\/\",\"name\":\"Nos antennes r\\u00e9gionales - Espace Pro - Entreprise et D\\u00e9couverte\",\"isPartOf\":{\"@id\":\"https:\/\/www.entrepriseetdecouverte.fr\/espace-pro\/#website\"},\"primaryImageOfPage\":{\"@id\":\"https:\/\/www.entrepriseetdecouverte.fr\/espace-pro\/lassociation\/nos-antennes-regionales\/#primaryimage\"},\"datePublished\":\"2022-03-23T14:20:31+00:00\",\"dateModified\":\"2026-03-24T15:35:27+00:00\",\"description\":\"Entreprise et D\\u00e9couverte, association nationale de la visite d\\u2019entreprise, compte 5 antennes sur le territoire : en Auvergne-Rh\\u00f4ne Alpes, dans les\",\"breadcrumb\":{\"@id\":\"https:\/\/www.entrepriseetdecouverte.fr\/espace-pro\/lassociation\/nos-antennes-regionales\/#breadcrumb\"},\"inLanguage\":\"fr-FR\",\"potentialAction\":[{\"@type\":\"ReadAction\",\"target\":[\"https:\/\/www.entrepriseetdecouverte.fr\/espace-pro\/lassociation\/nos-antennes-regionales\/\"]}]},{\"@type\":\"BreadcrumbList\",\"@id\":\"https:\/\/www.entrepriseetdecouverte.fr\/espace-pro\/lassociation\/nos-antennes-regionales\/#breadcrumb\",\"itemListElement\":[{\"@type\":\"ListItem\",\"position\":1,\"name\":\"Accueil\",\"item\":\"https:\/\/www.entrepriseetdecouverte.fr\/espace-pro\/\"},{\"@type\":\"ListItem\",\"position\":2,\"name\":\"L&rsquo;association\",\"item\":\"https:\/\/www.entrepriseetdecouverte.fr\/espace-pro\/lassociation\/\"},{\"@type\":\"ListItem\",\"position\":3,\"name\":\"Nos antennes r\\u00e9gionales\"}]}]}<\/script>\n<!-- \/ Yoast SEO plugin. -->","yoast_head_json":{"description":"Entreprise et D\u00e9couverte, association nationale de la visite d\u2019entreprise, compte 5 antennes sur le territoire : en Auvergne-Rh\u00f4ne Alpes, dans les","robots":{"index":"index","follow":"follow","max-snippet":"max-snippet:-1","max-image-preview":"max-image-preview:large","max-video-preview":"max-video-preview:-1"},"canonical":"https:\/\/www.entrepriseetdecouverte.fr\/espace-pro\/lassociation\/nos-antennes-regionales\/","og_locale":"fr_FR","og_type":"article","og_title":"Nos antennes r\u00e9gionales - Espace Pro - Entreprise et D\u00e9couverte","og_description":"Entreprise et D\u00e9couverte, association nationale de la visite d\u2019entreprise, compte 5 antennes sur le territoire : en Auvergne-Rh\u00f4ne Alpes, dans les","og_url":"https:\/\/www.entrepriseetdecouverte.fr\/espace-pro\/lassociation\/nos-antennes-regionales\/","og_site_name":"Espace Pro","article_modified_time":"2026-03-24T15:35:27+00:00","og_image":[{"width":1216,"height":1113,"url":"https:\/\/www.entrepriseetdecouverte.fr\/espace-pro\/wp-content\/uploads\/sites\/2\/2023\/04\/photo-antennes_entreprise-et-decouverte.2.jpg","type":"image\/jpeg"}],"twitter_card":"summary_large_image","twitter_misc":{"Dur\u00e9e de lecture estim\u00e9e":"1 minute"},"schema":{"@context":"https:\/\/schema.org","@graph":[{"@type":"WebSite","@id":"https:\/\/www.entrepriseetdecouverte.fr\/espace-pro\/#website","url":"https:\/\/www.entrepriseetdecouverte.fr\/espace-pro\/","name":"Espace Pro","description":"Un site utilisant Entreprise et D\u00e9couverte Sites","potentialAction":[{"@type":"SearchAction","target":{"@type":"EntryPoint","urlTemplate":"https:\/\/www.entrepriseetdecouverte.fr\/espace-pro\/?s={search_term_string}"},"query-input":"required name=search_term_string"}],"inLanguage":"fr-FR"},{"@type":"ImageObject","@id":"https:\/\/www.entrepriseetdecouverte.fr\/espace-pro\/lassociation\/nos-antennes-regionales\/#primaryimage","inLanguage":"fr-FR","url":"https:\/\/www.entrepriseetdecouverte.fr\/espace-pro\/wp-content\/uploads\/sites\/2\/2023\/04\/photo-antennes_entreprise-et-decouverte.2.jpg","contentUrl":"https:\/\/www.entrepriseetdecouverte.fr\/espace-pro\/wp-content\/uploads\/sites\/2\/2023\/04\/photo-antennes_entreprise-et-decouverte.2.jpg","width":1216,"height":1113},{"@type":"WebPage","@id":"https:\/\/www.entrepriseetdecouverte.fr\/espace-pro\/lassociation\/nos-antennes-regionales\/#webpage","url":"https:\/\/www.entrepriseetdecouverte.fr\/espace-pro\/lassociation\/nos-antennes-regionales\/","name":"Nos antennes r\u00e9gionales - Espace Pro - Entreprise et D\u00e9couverte","isPartOf":{"@id":"https:\/\/www.entrepriseetdecouverte.fr\/espace-pro\/#website"},"primaryImageOfPage":{"@id":"https:\/\/www.entrepriseetdecouverte.fr\/espace-pro\/lassociation\/nos-antennes-regionales\/#primaryimage"},"datePublished":"2022-03-23T14:20:31+00:00","dateModified":"2026-03-24T15:35:27+00:00","description":"Entreprise et D\u00e9couverte, association nationale de la visite d\u2019entreprise, compte 5 antennes sur le territoire : en Auvergne-Rh\u00f4ne Alpes, dans les","breadcrumb":{"@id":"https:\/\/www.entrepriseetdecouverte.fr\/espace-pro\/lassociation\/nos-antennes-regionales\/#breadcrumb"},"inLanguage":"fr-FR","potentialAction":[{"@type":"ReadAction","target":["https:\/\/www.entrepriseetdecouverte.fr\/espace-pro\/lassociation\/nos-antennes-regionales\/"]}]},{"@type":"BreadcrumbList","@id":"https:\/\/www.entrepriseetdecouverte.fr\/espace-pro\/lassociation\/nos-antennes-regionales\/#breadcrumb","itemListElement":[{"@type":"ListItem","position":1,"name":"Accueil","item":"https:\/\/www.entrepriseetdecouverte.fr\/espace-pro\/"},{"@type":"ListItem","position":2,"name":"L&rsquo;association","item":"https:\/\/www.entrepriseetdecouverte.fr\/espace-pro\/lassociation\/"},{"@type":"ListItem","position":3,"name":"Nos antennes r\u00e9gionales"}]}]}},"_links":{"self":[{"href":"https:\/\/www.entrepriseetdecouverte.fr\/espace-pro\/wp-json\/wp\/v2\/pages\/62877"}],"collection":[{"href":"https:\/\/www.entrepriseetdecouverte.fr\/espace-pro\/wp-json\/wp\/v2\/pages"}],"about":[{"href":"https:\/\/www.entrepriseetdecouverte.fr\/espace-pro\/wp-json\/wp\/v2\/types\/page"}],"author":[{"embeddable":true,"href":"https:\/\/www.entrepriseetdecouverte.fr\/espace-pro\/wp-json\/wp\/v2\/users\/122"}],"replies":[{"embeddable":true,"href":"https:\/\/www.entrepriseetdecouverte.fr\/espace-pro\/wp-json\/wp\/v2\/comments?post=62877"}],"version-history":[{"count":40,"href":"https:\/\/www.entrepriseetdecouverte.fr\/espace-pro\/wp-json\/wp\/v2\/pages\/62877\/revisions"}],"predecessor-version":[{"id":74044,"href":"https:\/\/www.entrepriseetdecouverte.fr\/espace-pro\/wp-json\/wp\/v2\/pages\/62877\/revisions\/74044"}],"up":[{"embeddable":true,"href":"https:\/\/www.entrepriseetdecouverte.fr\/espace-pro\/wp-json\/wp\/v2\/pages\/7"}],"wp:featuredmedia":[{"embeddable":true,"href":"https:\/\/www.entrepriseetdecouverte.fr\/espace-pro\/wp-json\/wp\/v2\/media\/63912"}],"wp:attachment":[{"href":"https:\/\/www.entrepriseetdecouverte.fr\/espace-pro\/wp-json\/wp\/v2\/media?parent=62877"}],"curies":[{"name":"wp","href":"https:\/\/api.w.org\/{rel}","templated":true}]}}