{"id":61787,"date":"2020-11-18T14:22:20","date_gmt":"2020-11-18T13:22:20","guid":{"rendered":"https:\/\/www.entrepriseetdecouverte.fr\/espace-pro\/?page_id=61787"},"modified":"2025-07-07T12:36:48","modified_gmt":"2025-07-07T10:36:48","slug":"lobservatoire-national","status":"publish","type":"page","link":"https:\/\/www.entrepriseetdecouverte.fr\/espace-pro\/lassociation\/lobservatoire\/lobservatoire-national\/","title":{"rendered":"L&rsquo;observatoire national"},"content":{"rendered":"\n<p class=\"is-style-intro\"> Dans le cadre de ses missions de communication, l\u2019association Entreprise et D\u00e9couverte r\u00e9alise tous les 2&nbsp;ans un observatoire&nbsp;de la visite d\u2019entreprise&nbsp;en France.&nbsp; <\/p>\n\n\n\n<h4><strong>Retrouvez ci-dessous les chiffres cl\u00e9s 2025 de la visite d&rsquo;entreprise en France <\/strong>:<\/h4>\n\n\n\n<figure class=\"wp-block-image size-large\"><a href=\"https:\/\/www.entrepriseetdecouverte.fr\/espace-pro\/wp-content\/uploads\/sites\/2\/2025\/07\/entreprise-et-decouverte_chiffres-cles-2025-de-la-visite-dentreprise.pdf\" target=\"_blank\" rel=\"noopener\"><img loading=\"lazy\" width=\"849\" height=\"1200\" data-src=\"https:\/\/www.entrepriseetdecouverte.fr\/espace-pro\/wp-content\/uploads\/sites\/2\/2025\/07\/ed_couverture-observatoire-2025-849x1200.jpg\" alt=\"\" class=\"wp-image-71942\" data-srcset=\"https:\/\/www.entrepriseetdecouverte.fr\/espace-pro\/wp-content\/uploads\/sites\/2\/2025\/07\/ed_couverture-observatoire-2025-849x1200.jpg 849w, https:\/\/www.entrepriseetdecouverte.fr\/espace-pro\/wp-content\/uploads\/sites\/2\/2025\/07\/ed_couverture-observatoire-2025-424x600.jpg 424w, https:\/\/www.entrepriseetdecouverte.fr\/espace-pro\/wp-content\/uploads\/sites\/2\/2025\/07\/ed_couverture-observatoire-2025-636x900.jpg 636w, https:\/\/www.entrepriseetdecouverte.fr\/espace-pro\/wp-content\/uploads\/sites\/2\/2025\/07\/ed_couverture-observatoire-2025-200x283.jpg 200w, https:\/\/www.entrepriseetdecouverte.fr\/espace-pro\/wp-content\/uploads\/sites\/2\/2025\/07\/ed_couverture-observatoire-2025-42x60.jpg 42w, https:\/\/www.entrepriseetdecouverte.fr\/espace-pro\/wp-content\/uploads\/sites\/2\/2025\/07\/ed_couverture-observatoire-2025.jpg 1000w\" sizes=\"(max-width: 849px) 100vw, 849px\" \/><\/a><\/figure>\n\n\n\n<h4><strong>Focus sur les secteurs d&rsquo;activit\u00e9<\/strong> (chiffres 2023) <\/h4>\n\n\n\n<ul><li><a href=\"https:\/\/www.entrepriseetdecouverte.fr\/espace-pro\/wp-content\/uploads\/sites\/2\/2023\/07\/observatoire-2023-entreprise-et-decouverte_chiffres-cles-alimentaire.pdf\" target=\"_blank\" rel=\"noreferrer noopener\">Agroalimentaire<\/a><\/li><li><a href=\"https:\/\/www.entrepriseetdecouverte.fr\/espace-pro\/wp-content\/uploads\/sites\/2\/2023\/07\/observatoire-2023-entreprise-et-decouverte_chiffres-cles-artisanat-et-metiers-dart.pdf\" target=\"_blank\" rel=\"noreferrer noopener\">Artisanat et M\u00e9tiers d&rsquo;Art<\/a><\/li><li><a href=\"https:\/\/www.entrepriseetdecouverte.fr\/espace-pro\/wp-content\/uploads\/sites\/2\/2023\/08\/maq_cp_national_industrie-v3-2.pdf\" target=\"_blank\" rel=\"noreferrer noopener\">Industrie, Energie et Environnement<\/a><\/li><\/ul>\n\n\n\n<div class=\"wp-block-columns alignfull\">\n<div class=\"wp-block-column\">\n<figure class=\"wp-block-image size-large is-style-default\"><a href=\"https:\/\/www.entrepriseetdecouverte.fr\/espace-pro\/wp-content\/uploads\/sites\/2\/2023\/07\/observatoire-2023-entreprise-et-decouverte_chiffres-cles-alimentaire.pdf\" target=\"_blank\" rel=\"noopener\"><img loading=\"lazy\" width=\"849\" height=\"1200\" data-src=\"https:\/\/www.entrepriseetdecouverte.fr\/espace-pro\/wp-content\/uploads\/sites\/2\/2023\/07\/observatoire-2023-entreprise-eerte_chiffres-cles-alimentaire-.2-849x1200.jpg\" alt=\"\" class=\"wp-image-64188\" data-srcset=\"https:\/\/www.entrepriseetdecouverte.fr\/espace-pro\/wp-content\/uploads\/sites\/2\/2023\/07\/observatoire-2023-entreprise-eerte_chiffres-cles-alimentaire-.2-849x1200.jpg 849w, https:\/\/www.entrepriseetdecouverte.fr\/espace-pro\/wp-content\/uploads\/sites\/2\/2023\/07\/observatoire-2023-entreprise-eerte_chiffres-cles-alimentaire-.2-424x600.jpg 424w, https:\/\/www.entrepriseetdecouverte.fr\/espace-pro\/wp-content\/uploads\/sites\/2\/2023\/07\/observatoire-2023-entreprise-eerte_chiffres-cles-alimentaire-.2-636x900.jpg 636w, https:\/\/www.entrepriseetdecouverte.fr\/espace-pro\/wp-content\/uploads\/sites\/2\/2023\/07\/observatoire-2023-entreprise-eerte_chiffres-cles-alimentaire-.2-200x283.jpg 200w, https:\/\/www.entrepriseetdecouverte.fr\/espace-pro\/wp-content\/uploads\/sites\/2\/2023\/07\/observatoire-2023-entreprise-eerte_chiffres-cles-alimentaire-.2-42x60.jpg 42w, https:\/\/www.entrepriseetdecouverte.fr\/espace-pro\/wp-content\/uploads\/sites\/2\/2023\/07\/observatoire-2023-entreprise-eerte_chiffres-cles-alimentaire-.2.jpg 1000w\" sizes=\"(max-width: 849px) 100vw, 849px\" \/><\/a><\/figure>\n<\/div>\n\n\n\n<div class=\"wp-block-column\">\n<figure class=\"wp-block-image size-large is-style-default\"><a href=\"https:\/\/www.entrepriseetdecouverte.fr\/espace-pro\/wp-content\/uploads\/sites\/2\/2023\/07\/observatoire-2023-entreprise-et-decouverte_chiffres-cles-artisanat-et-metiers-dart.pdf\" target=\"_blank\" rel=\"noopener\"><img loading=\"lazy\" width=\"849\" height=\"1200\" data-src=\"https:\/\/www.entrepriseetdecouverte.fr\/espace-pro\/wp-content\/uploads\/sites\/2\/2023\/07\/observatoire-2023-entreprise-eles-artisanat-et-metiers-dart-.2-849x1200.jpg\" alt=\"\" class=\"wp-image-64189\" data-srcset=\"https:\/\/www.entrepriseetdecouverte.fr\/espace-pro\/wp-content\/uploads\/sites\/2\/2023\/07\/observatoire-2023-entreprise-eles-artisanat-et-metiers-dart-.2-849x1200.jpg 849w, https:\/\/www.entrepriseetdecouverte.fr\/espace-pro\/wp-content\/uploads\/sites\/2\/2023\/07\/observatoire-2023-entreprise-eles-artisanat-et-metiers-dart-.2-424x600.jpg 424w, https:\/\/www.entrepriseetdecouverte.fr\/espace-pro\/wp-content\/uploads\/sites\/2\/2023\/07\/observatoire-2023-entreprise-eles-artisanat-et-metiers-dart-.2-636x900.jpg 636w, https:\/\/www.entrepriseetdecouverte.fr\/espace-pro\/wp-content\/uploads\/sites\/2\/2023\/07\/observatoire-2023-entreprise-eles-artisanat-et-metiers-dart-.2-200x283.jpg 200w, https:\/\/www.entrepriseetdecouverte.fr\/espace-pro\/wp-content\/uploads\/sites\/2\/2023\/07\/observatoire-2023-entreprise-eles-artisanat-et-metiers-dart-.2-42x60.jpg 42w, https:\/\/www.entrepriseetdecouverte.fr\/espace-pro\/wp-content\/uploads\/sites\/2\/2023\/07\/observatoire-2023-entreprise-eles-artisanat-et-metiers-dart-.2.jpg 1000w\" sizes=\"(max-width: 849px) 100vw, 849px\" \/><\/a><\/figure>\n<\/div>\n\n\n\n<div class=\"wp-block-column\">\n<figure class=\"wp-block-image size-large is-style-default\"><a href=\"https:\/\/www.entrepriseetdecouverte.fr\/espace-pro\/wp-content\/uploads\/sites\/2\/2023\/08\/maq_cp_national_industrie-v3-2.pdf\"><img loading=\"lazy\" width=\"849\" height=\"1200\" data-src=\"https:\/\/www.entrepriseetdecouverte.fr\/espace-pro\/wp-content\/uploads\/sites\/2\/2023\/07\/observatoire-2023-entreprise-euverte_chiffres-cles-industrie.2-849x1200.jpg\" alt=\"\" class=\"wp-image-64190\" data-srcset=\"https:\/\/www.entrepriseetdecouverte.fr\/espace-pro\/wp-content\/uploads\/sites\/2\/2023\/07\/observatoire-2023-entreprise-euverte_chiffres-cles-industrie.2-849x1200.jpg 849w, https:\/\/www.entrepriseetdecouverte.fr\/espace-pro\/wp-content\/uploads\/sites\/2\/2023\/07\/observatoire-2023-entreprise-euverte_chiffres-cles-industrie.2-424x600.jpg 424w, https:\/\/www.entrepriseetdecouverte.fr\/espace-pro\/wp-content\/uploads\/sites\/2\/2023\/07\/observatoire-2023-entreprise-euverte_chiffres-cles-industrie.2-636x900.jpg 636w, https:\/\/www.entrepriseetdecouverte.fr\/espace-pro\/wp-content\/uploads\/sites\/2\/2023\/07\/observatoire-2023-entreprise-euverte_chiffres-cles-industrie.2-200x283.jpg 200w, https:\/\/www.entrepriseetdecouverte.fr\/espace-pro\/wp-content\/uploads\/sites\/2\/2023\/07\/observatoire-2023-entreprise-euverte_chiffres-cles-industrie.2-42x60.jpg 42w, https:\/\/www.entrepriseetdecouverte.fr\/espace-pro\/wp-content\/uploads\/sites\/2\/2023\/07\/observatoire-2023-entreprise-euverte_chiffres-cles-industrie.2.jpg 1000w\" sizes=\"(max-width: 849px) 100vw, 849px\" \/><\/a><\/figure>\n<\/div>\n<\/div>\n\n\n\n<p><\/p>\n\n\n\n<p><\/p>\n","protected":false},"excerpt":{"rendered":"<p>Dans le cadre de ses missions de communication, l\u2019association Entreprise et D\u00e9couverte r\u00e9alise tous les 2&nbsp;ans un observatoire&nbsp;de la visite d\u2019entreprise&nbsp;en France.&nbsp; Retrouvez ci-dessous les chiffres cl\u00e9s 2025 de la visite d&rsquo;entreprise en France : Focus sur les secteurs d&rsquo;activit\u00e9 (chiffres 2023) Agroalimentaire Artisanat et M\u00e9tiers d&rsquo;Art Industrie, Energie et Environnement<\/p>\n","protected":false},"author":122,"featured_media":61790,"parent":29,"menu_order":0,"comment_status":"closed","ping_status":"closed","template":"","meta":{"_relevanssi_hide_post":"","_relevanssi_pin_for_all":"","_relevanssi_pin_keywords":"","_relevanssi_unpin_keywords":"","_relevanssi_related_keywords":"","_relevanssi_related_include_ids":"","_relevanssi_related_exclude_ids":"","_relevanssi_related_no_append":"","_relevanssi_related_not_related":"","_relevanssi_related_posts":"60354,62002,61963,61372,61965,62251","_relevanssi_noindex_reason":""},"yoast_head":"<!-- This site is optimized with the Yoast SEO plugin v17.4 - https:\/\/yoast.com\/wordpress\/plugins\/seo\/ -->\n<meta name=\"description\" content=\"Dans le cadre de ses missions de communication, l\u2019association Entreprise et D\u00e9couverte r\u00e9alise tous les 2&nbsp;ans un observatoire&nbsp;de la visite\" \/>\n<meta name=\"robots\" content=\"index, follow, max-snippet:-1, max-image-preview:large, max-video-preview:-1\" \/>\n<link rel=\"canonical\" href=\"https:\/\/www.entrepriseetdecouverte.fr\/espace-pro\/lassociation\/lobservatoire\/lobservatoire-national\/\" \/>\n<meta property=\"og:locale\" content=\"fr_FR\" \/>\n<meta property=\"og:type\" content=\"article\" \/>\n<meta property=\"og:title\" content=\"L&#039;Observatoire de la visite d&#039;entreprise -Entreprise et D\u00e9couverte\" \/>\n<meta property=\"og:description\" content=\"Dans le cadre de ses missions de communication, l\u2019association Entreprise et D\u00e9couverte r\u00e9alise tous les 2&nbsp;ans un observatoire&nbsp;de la visite\" \/>\n<meta property=\"og:url\" content=\"https:\/\/www.entrepriseetdecouverte.fr\/espace-pro\/lassociation\/lobservatoire\/lobservatoire-national\/\" \/>\n<meta property=\"og:site_name\" content=\"Espace Pro\" \/>\n<meta property=\"article:modified_time\" content=\"2025-07-07T10:36:48+00:00\" \/>\n<meta property=\"og:image\" content=\"https:\/\/www.entrepriseetdecouverte.fr\/espace-pro\/wp-content\/uploads\/sites\/2\/2020\/11\/airbus-vincent-bauza-23_48096779027_o.jpg\" \/>\n\t<meta property=\"og:image:width\" content=\"1200\" \/>\n\t<meta property=\"og:image:height\" content=\"800\" \/>\n<meta name=\"twitter:card\" content=\"summary_large_image\" \/>\n<meta name=\"twitter:label1\" content=\"Dur\u00e9e de lecture estim\u00e9e\" \/>\n\t<meta name=\"twitter:data1\" content=\"2 minutes\" \/>\n<script type=\"application\/ld+json\" class=\"yoast-schema-graph\">{\"@context\":\"https:\/\/schema.org\",\"@graph\":[{\"@type\":\"WebSite\",\"@id\":\"https:\/\/www.entrepriseetdecouverte.fr\/espace-pro\/#website\",\"url\":\"https:\/\/www.entrepriseetdecouverte.fr\/espace-pro\/\",\"name\":\"Espace Pro\",\"description\":\"Un site utilisant Entreprise et D\\u00e9couverte Sites\",\"potentialAction\":[{\"@type\":\"SearchAction\",\"target\":{\"@type\":\"EntryPoint\",\"urlTemplate\":\"https:\/\/www.entrepriseetdecouverte.fr\/espace-pro\/?s={search_term_string}\"},\"query-input\":\"required name=search_term_string\"}],\"inLanguage\":\"fr-FR\"},{\"@type\":\"ImageObject\",\"@id\":\"https:\/\/www.entrepriseetdecouverte.fr\/espace-pro\/lassociation\/lobservatoire\/lobservatoire-national\/#primaryimage\",\"inLanguage\":\"fr-FR\",\"url\":\"https:\/\/www.entrepriseetdecouverte.fr\/espace-pro\/wp-content\/uploads\/sites\/2\/2020\/11\/airbus-vincent-bauza-23_48096779027_o.jpg\",\"contentUrl\":\"https:\/\/www.entrepriseetdecouverte.fr\/espace-pro\/wp-content\/uploads\/sites\/2\/2020\/11\/airbus-vincent-bauza-23_48096779027_o.jpg\",\"width\":1200,\"height\":800,\"caption\":\"Vincent Bauza Photographe | contact@vincentbauza.com\"},{\"@type\":\"WebPage\",\"@id\":\"https:\/\/www.entrepriseetdecouverte.fr\/espace-pro\/lassociation\/lobservatoire\/lobservatoire-national\/#webpage\",\"url\":\"https:\/\/www.entrepriseetdecouverte.fr\/espace-pro\/lassociation\/lobservatoire\/lobservatoire-national\/\",\"name\":\"L'Observatoire de la visite d'entreprise -Entreprise et D\\u00e9couverte\",\"isPartOf\":{\"@id\":\"https:\/\/www.entrepriseetdecouverte.fr\/espace-pro\/#website\"},\"primaryImageOfPage\":{\"@id\":\"https:\/\/www.entrepriseetdecouverte.fr\/espace-pro\/lassociation\/lobservatoire\/lobservatoire-national\/#primaryimage\"},\"datePublished\":\"2020-11-18T13:22:20+00:00\",\"dateModified\":\"2025-07-07T10:36:48+00:00\",\"description\":\"Dans le cadre de ses missions de communication, l\\u2019association Entreprise et D\\u00e9couverte r\\u00e9alise tous les 2&nbsp;ans un observatoire&nbsp;de la visite\",\"breadcrumb\":{\"@id\":\"https:\/\/www.entrepriseetdecouverte.fr\/espace-pro\/lassociation\/lobservatoire\/lobservatoire-national\/#breadcrumb\"},\"inLanguage\":\"fr-FR\",\"potentialAction\":[{\"@type\":\"ReadAction\",\"target\":[\"https:\/\/www.entrepriseetdecouverte.fr\/espace-pro\/lassociation\/lobservatoire\/lobservatoire-national\/\"]}]},{\"@type\":\"BreadcrumbList\",\"@id\":\"https:\/\/www.entrepriseetdecouverte.fr\/espace-pro\/lassociation\/lobservatoire\/lobservatoire-national\/#breadcrumb\",\"itemListElement\":[{\"@type\":\"ListItem\",\"position\":1,\"name\":\"Accueil\",\"item\":\"https:\/\/www.entrepriseetdecouverte.fr\/espace-pro\/\"},{\"@type\":\"ListItem\",\"position\":2,\"name\":\"L&rsquo;association\",\"item\":\"https:\/\/www.entrepriseetdecouverte.fr\/espace-pro\/lassociation\/\"},{\"@type\":\"ListItem\",\"position\":3,\"name\":\"L&rsquo;observatoire\",\"item\":\"https:\/\/www.entrepriseetdecouverte.fr\/espace-pro\/lassociation\/lobservatoire\/\"},{\"@type\":\"ListItem\",\"position\":4,\"name\":\"L&rsquo;observatoire national\"}]}]}<\/script>\n<!-- \/ Yoast SEO plugin. -->","yoast_head_json":{"description":"Dans le cadre de ses missions de communication, l\u2019association Entreprise et D\u00e9couverte r\u00e9alise tous les 2&nbsp;ans un observatoire&nbsp;de la visite","robots":{"index":"index","follow":"follow","max-snippet":"max-snippet:-1","max-image-preview":"max-image-preview:large","max-video-preview":"max-video-preview:-1"},"canonical":"https:\/\/www.entrepriseetdecouverte.fr\/espace-pro\/lassociation\/lobservatoire\/lobservatoire-national\/","og_locale":"fr_FR","og_type":"article","og_title":"L'Observatoire de la visite d'entreprise -Entreprise et D\u00e9couverte","og_description":"Dans le cadre de ses missions de communication, l\u2019association Entreprise et D\u00e9couverte r\u00e9alise tous les 2&nbsp;ans un observatoire&nbsp;de la visite","og_url":"https:\/\/www.entrepriseetdecouverte.fr\/espace-pro\/lassociation\/lobservatoire\/lobservatoire-national\/","og_site_name":"Espace Pro","article_modified_time":"2025-07-07T10:36:48+00:00","og_image":[{"width":1200,"height":800,"url":"https:\/\/www.entrepriseetdecouverte.fr\/espace-pro\/wp-content\/uploads\/sites\/2\/2020\/11\/airbus-vincent-bauza-23_48096779027_o.jpg","type":"image\/jpeg"}],"twitter_card":"summary_large_image","twitter_misc":{"Dur\u00e9e de lecture estim\u00e9e":"2 minutes"},"schema":{"@context":"https:\/\/schema.org","@graph":[{"@type":"WebSite","@id":"https:\/\/www.entrepriseetdecouverte.fr\/espace-pro\/#website","url":"https:\/\/www.entrepriseetdecouverte.fr\/espace-pro\/","name":"Espace Pro","description":"Un site utilisant Entreprise et D\u00e9couverte Sites","potentialAction":[{"@type":"SearchAction","target":{"@type":"EntryPoint","urlTemplate":"https:\/\/www.entrepriseetdecouverte.fr\/espace-pro\/?s={search_term_string}"},"query-input":"required name=search_term_string"}],"inLanguage":"fr-FR"},{"@type":"ImageObject","@id":"https:\/\/www.entrepriseetdecouverte.fr\/espace-pro\/lassociation\/lobservatoire\/lobservatoire-national\/#primaryimage","inLanguage":"fr-FR","url":"https:\/\/www.entrepriseetdecouverte.fr\/espace-pro\/wp-content\/uploads\/sites\/2\/2020\/11\/airbus-vincent-bauza-23_48096779027_o.jpg","contentUrl":"https:\/\/www.entrepriseetdecouverte.fr\/espace-pro\/wp-content\/uploads\/sites\/2\/2020\/11\/airbus-vincent-bauza-23_48096779027_o.jpg","width":1200,"height":800,"caption":"Vincent Bauza Photographe | contact@vincentbauza.com"},{"@type":"WebPage","@id":"https:\/\/www.entrepriseetdecouverte.fr\/espace-pro\/lassociation\/lobservatoire\/lobservatoire-national\/#webpage","url":"https:\/\/www.entrepriseetdecouverte.fr\/espace-pro\/lassociation\/lobservatoire\/lobservatoire-national\/","name":"L'Observatoire de la visite d'entreprise -Entreprise et D\u00e9couverte","isPartOf":{"@id":"https:\/\/www.entrepriseetdecouverte.fr\/espace-pro\/#website"},"primaryImageOfPage":{"@id":"https:\/\/www.entrepriseetdecouverte.fr\/espace-pro\/lassociation\/lobservatoire\/lobservatoire-national\/#primaryimage"},"datePublished":"2020-11-18T13:22:20+00:00","dateModified":"2025-07-07T10:36:48+00:00","description":"Dans le cadre de ses missions de communication, l\u2019association Entreprise et D\u00e9couverte r\u00e9alise tous les 2&nbsp;ans un observatoire&nbsp;de la visite","breadcrumb":{"@id":"https:\/\/www.entrepriseetdecouverte.fr\/espace-pro\/lassociation\/lobservatoire\/lobservatoire-national\/#breadcrumb"},"inLanguage":"fr-FR","potentialAction":[{"@type":"ReadAction","target":["https:\/\/www.entrepriseetdecouverte.fr\/espace-pro\/lassociation\/lobservatoire\/lobservatoire-national\/"]}]},{"@type":"BreadcrumbList","@id":"https:\/\/www.entrepriseetdecouverte.fr\/espace-pro\/lassociation\/lobservatoire\/lobservatoire-national\/#breadcrumb","itemListElement":[{"@type":"ListItem","position":1,"name":"Accueil","item":"https:\/\/www.entrepriseetdecouverte.fr\/espace-pro\/"},{"@type":"ListItem","position":2,"name":"L&rsquo;association","item":"https:\/\/www.entrepriseetdecouverte.fr\/espace-pro\/lassociation\/"},{"@type":"ListItem","position":3,"name":"L&rsquo;observatoire","item":"https:\/\/www.entrepriseetdecouverte.fr\/espace-pro\/lassociation\/lobservatoire\/"},{"@type":"ListItem","position":4,"name":"L&rsquo;observatoire national"}]}]}},"_links":{"self":[{"href":"https:\/\/www.entrepriseetdecouverte.fr\/espace-pro\/wp-json\/wp\/v2\/pages\/61787"}],"collection":[{"href":"https:\/\/www.entrepriseetdecouverte.fr\/espace-pro\/wp-json\/wp\/v2\/pages"}],"about":[{"href":"https:\/\/www.entrepriseetdecouverte.fr\/espace-pro\/wp-json\/wp\/v2\/types\/page"}],"author":[{"embeddable":true,"href":"https:\/\/www.entrepriseetdecouverte.fr\/espace-pro\/wp-json\/wp\/v2\/users\/122"}],"replies":[{"embeddable":true,"href":"https:\/\/www.entrepriseetdecouverte.fr\/espace-pro\/wp-json\/wp\/v2\/comments?post=61787"}],"version-history":[{"count":21,"href":"https:\/\/www.entrepriseetdecouverte.fr\/espace-pro\/wp-json\/wp\/v2\/pages\/61787\/revisions"}],"predecessor-version":[{"id":71945,"href":"https:\/\/www.entrepriseetdecouverte.fr\/espace-pro\/wp-json\/wp\/v2\/pages\/61787\/revisions\/71945"}],"up":[{"embeddable":true,"href":"https:\/\/www.entrepriseetdecouverte.fr\/espace-pro\/wp-json\/wp\/v2\/pages\/29"}],"wp:featuredmedia":[{"embeddable":true,"href":"https:\/\/www.entrepriseetdecouverte.fr\/espace-pro\/wp-json\/wp\/v2\/media\/61790"}],"wp:attachment":[{"href":"https:\/\/www.entrepriseetdecouverte.fr\/espace-pro\/wp-json\/wp\/v2\/media?parent=61787"}],"curies":[{"name":"wp","href":"https:\/\/api.w.org\/{rel}","templated":true}]}}